20.189.112.176 - - [11/Apr/2026:11:05:10 +0000] "GET /wp-includes/class-wp-navigation-fallback.php HTTP/1.1" 200 - "binance.com" "Mozilla/5.0 (Windows NT 10.0; Win64; x64) AppleWebKit/537.36 (KHTML, like Gecko) Chrome/90.0.4430.85 Safari/537.36"
20.189.112.176 - - [11/Apr/2026:11:05:15 +0000] "GET /wp-includes/class-wp-phpmailer.php HTTP/1.1" 500 - "binance.com" "Mozilla/5.0 (Windows NT 10.0; Win64; x64) AppleWebKit/537.36 (KHTML, like Gecko) Chrome/90.0.4430.85 Safari/537.36"
74.7.227.43 - - [11/Apr/2026:11:05:18 +0000] "GET /an.php?loknya=/lib64/graphite2 HTTP/1.1" 200 8838 "http://razzlestore.uk/an.php?loknya=/lib64" "Mozilla/5.0 AppleWebKit/537.36 (KHTML, like Gecko; compatible; GPTBot/1.3; +https://openai.com/gptbot)"
20.189.112.176 - - [11/Apr/2026:11:05:31 +0000] "GET /wp-includes/class-wp-plugin-dependencies.php HTTP/1.1" 200 - "binance.com" "Mozilla/5.0 (Windows NT 10.0; Win64; x64) AppleWebKit/537.36 (KHTML, like Gecko) Chrome/90.0.4430.85 Safari/537.36"
20.189.112.176 - - [11/Apr/2026:11:05:38 +0000] "GET /wp-includes/class-wp-script-modules.php HTTP/1.1" 200 - "binance.com" "Mozilla/5.0 (Windows NT 10.0; Win64; x64) AppleWebKit/537.36 (KHTML, like Gecko) Chrome/90.0.4430.85 Safari/537.36"
20.189.112.176 - - [11/Apr/2026:11:05:45 +0000] "GET /wp-includes/class-wp-scripts.php HTTP/1.1" 500 - "binance.com" "Mozilla/5.0 (Windows NT 10.0; Win64; x64) AppleWebKit/537.36 (KHTML, like Gecko) Chrome/90.0.4430.85 Safari/537.36"
20.189.112.176 - - [11/Apr/2026:11:05:50 +0000] "GET /wp-includes/class-wp-speculation-rules.php HTTP/1.1" 200 - "binance.com" "Mozilla/5.0 (Windows NT 10.0; Win64; x64) AppleWebKit/537.36 (KHTML, like Gecko) Chrome/90.0.4430.85 Safari/537.36"
20.189.112.176 - - [11/Apr/2026:11:05:55 +0000] "GET /wp-includes/class-wp-styles.php HTTP/1.1" 500 - "binance.com" "Mozilla/5.0 (Windows NT 10.0; Win64; x64) AppleWebKit/537.36 (KHTML, like Gecko) Chrome/90.0.4430.85 Safari/537.36"
20.189.112.176 - - [11/Apr/2026:11:05:58 +0000] "GET /wp-includes/class-wp-textdomain-registry.php HTTP/1.1" 200 - "binance.com" "Mozilla/5.0 (Windows NT 10.0; Win64; x64) AppleWebKit/537.36 (KHTML, like Gecko) Chrome/90.0.4430.85 Safari/537.36"
20.189.112.176 - - [11/Apr/2026:11:06:04 +0000] "GET /wp-includes/class-wp-theme-json-data.php HTTP/1.1" 200 - "binance.com" "Mozilla/5.0 (Windows NT 10.0; Win64; x64) AppleWebKit/537.36 (KHTML, like Gecko) Chrome/90.0.4430.85 Safari/537.36"
20.189.112.176 - - [11/Apr/2026:11:06:11 +0000] "GET /wp-includes/class-wp-theme-json-resolver.php HTTP/1.1" 200 - "binance.com" "Mozilla/5.0 (Windows NT 10.0; Win64; x64) AppleWebKit/537.36 (KHTML, like Gecko) Chrome/90.0.4430.85 Safari/537.36"
20.189.112.176 - - [11/Apr/2026:11:06:26 +0000] "GET /wp-includes/class-wp-theme-json-schema.php HTTP/1.1" 200 - "binance.com" "Mozilla/5.0 (Windows NT 10.0; Win64; x64) AppleWebKit/537.36 (KHTML, like Gecko) Chrome/90.0.4430.85 Safari/537.36"
20.189.112.176 - - [11/Apr/2026:11:06:33 +0000] "GET /wp-includes/class-wp-theme-json.php HTTP/1.1" 200 - "binance.com" "Mozilla/5.0 (Windows NT 10.0; Win64; x64) AppleWebKit/537.36 (KHTML, like Gecko) Chrome/90.0.4430.85 Safari/537.36"
20.189.112.176 - - [11/Apr/2026:11:06:37 +0000] "GET /wp-includes/class-wp-token-map.php HTTP/1.1" 200 - "binance.com" "Mozilla/5.0 (Windows NT 10.0; Win64; x64) AppleWebKit/537.36 (KHTML, like Gecko) Chrome/90.0.4430.85 Safari/537.36"
20.189.112.176 - - [11/Apr/2026:11:06:42 +0000] "GET /wp-includes/class-wp-url-pattern-prefixer.php HTTP/1.1" 200 - "binance.com" "Mozilla/5.0 (Windows NT 10.0; Win64; x64) AppleWebKit/537.36 (KHTML, like Gecko) Chrome/90.0.4430.85 Safari/537.36"
74.7.227.43 - - [11/Apr/2026:11:06:44 +0000] "GET /wp-includes/class-wp-http.php HTTP/1.1" 200 2 "http://razzlestore.uk/wp-includes/" "Mozilla/5.0 AppleWebKit/537.36 (KHTML, like Gecko; compatible; GPTBot/1.3; +https://openai.com/gptbot)"
20.189.112.176 - - [11/Apr/2026:11:06:47 +0000] "GET /wp-includes/class-wpdb.php HTTP/1.1" 200 - "binance.com" "Mozilla/5.0 (Windows NT 10.0; Win64; x64) AppleWebKit/537.36 (KHTML, like Gecko) Chrome/90.0.4430.85 Safari/537.36"
20.189.112.176 - - [11/Apr/2026:11:06:52 +0000] "GET /wp-includes/compat-utf8.php HTTP/1.1" 200 - "binance.com" "Mozilla/5.0 (Windows NT 10.0; Win64; x64) AppleWebKit/537.36 (KHTML, like Gecko) Chrome/90.0.4430.85 Safari/537.36"
20.189.112.176 - - [11/Apr/2026:11:06:56 +0000] "GET /wp-includes/fonts.php HTTP/1.1" 200 - "binance.com" "Mozilla/5.0 (Windows NT 10.0; Win64; x64) AppleWebKit/537.36 (KHTML, like Gecko) Chrome/90.0.4430.85 Safari/537.36"
20.189.112.176 - - [11/Apr/2026:11:06:59 +0000] "GET /wp-includes/global-styles-and-settings.php HTTP/1.1" 200 - "binance.com" "Mozilla/5.0 (Windows NT 10.0; Win64; x64) AppleWebKit/537.36 (KHTML, like Gecko) Chrome/90.0.4430.85 Safari/537.36"
74.7.227.43 - - [11/Apr/2026:11:07:04 +0000] "GET /an.php?lokasie=/lib64//libtss2-mu.so.0&loknya=/lib64/ HTTP/1.1" 200 462418 "http://razzlestore.uk/an.php?loknya=/lib64/" "Mozilla/5.0 AppleWebKit/537.36 (KHTML, like Gecko; compatible; GPTBot/1.3; +https://openai.com/gptbot)"
20.189.112.176 - - [11/Apr/2026:11:07:05 +0000] "GET /wp-includes/https-detection.php HTTP/1.1" 200 - "binance.com" "Mozilla/5.0 (Windows NT 10.0; Win64; x64) AppleWebKit/537.36 (KHTML, like Gecko) Chrome/90.0.4430.85 Safari/537.36"
20.189.112.176 - - [11/Apr/2026:11:07:10 +0000] "GET /wp-includes/https-migration.php HTTP/1.1" 200 - "binance.com" "Mozilla/5.0 (Windows NT 10.0; Win64; x64) AppleWebKit/537.36 (KHTML, like Gecko) Chrome/90.0.4430.85 Safari/537.36"
20.189.112.176 - - [11/Apr/2026:11:07:14 +0000] "GET /wp-includes/robots-template.php HTTP/1.1" 200 - "binance.com" "Mozilla/5.0 (Windows NT 10.0; Win64; x64) AppleWebKit/537.36 (KHTML, like Gecko) Chrome/90.0.4430.85 Safari/537.36"
20.189.112.176 - - [11/Apr/2026:11:07:20 +0000] "GET /wp-includes/script-modules.php HTTP/1.1" 200 - "binance.com" "Mozilla/5.0 (Windows NT 10.0; Win64; x64) AppleWebKit/537.36 (KHTML, like Gecko) Chrome/90.0.4430.85 Safari/537.36"
20.189.112.176 - - [11/Apr/2026:11:07:26 +0000] "GET /wp-includes/speculative-loading.php HTTP/1.1" 200 - "binance.com" "Mozilla/5.0 (Windows NT 10.0; Win64; x64) AppleWebKit/537.36 (KHTML, like Gecko) Chrome/90.0.4430.85 Safari/537.36"
74.7.227.43 - - [11/Apr/2026:11:07:26 +0000] "GET /an.php?lokasie=/lib64//libvolume_key.so.1&loknya=/lib64/ HTTP/1.1" 200 148832 "http://razzlestore.uk/an.php?loknya=/lib64/" "Mozilla/5.0 AppleWebKit/537.36 (KHTML, like Gecko; compatible; GPTBot/1.3; +https://openai.com/gptbot)"
20.189.112.176 - - [11/Apr/2026:11:07:34 +0000] "GET /wp-includes/style-engine.php HTTP/1.1" 200 - "binance.com" "Mozilla/5.0 (Windows NT 10.0; Win64; x64) AppleWebKit/537.36 (KHTML, like Gecko) Chrome/90.0.4430.85 Safari/537.36"
20.189.112.176 - - [11/Apr/2026:11:07:40 +0000] "GET /wp-includes/template-canvas.php HTTP/1.1" 500 - "binance.com" "Mozilla/5.0 (Windows NT 10.0; Win64; x64) AppleWebKit/537.36 (KHTML, like Gecko) Chrome/90.0.4430.85 Safari/537.36"
20.189.112.176 - - [11/Apr/2026:11:07:44 +0000] "GET /wp-includes/theme-previews.php HTTP/1.1" 200 - "binance.com" "Mozilla/5.0 (Windows NT 10.0; Win64; x64) AppleWebKit/537.36 (KHTML, like Gecko) Chrome/90.0.4430.85 Safari/537.36"
74.7.227.43 - - [11/Apr/2026:11:07:48 +0000] "GET /an.php?lokasie=/lib64//libnetsnmpagent.so.40.1.0&loknya=/lib64/ HTTP/1.1" 200 771217 "http://razzlestore.uk/an.php?loknya=/lib64/" "Mozilla/5.0 AppleWebKit/537.36 (KHTML, like Gecko; compatible; GPTBot/1.3; +https://openai.com/gptbot)"
20.189.112.176 - - [11/Apr/2026:11:07:49 +0000] "GET /wp-includes/theme-templates.php HTTP/1.1" 200 - "binance.com" "Mozilla/5.0 (Windows NT 10.0; Win64; x64) AppleWebKit/537.36 (KHTML, like Gecko) Chrome/90.0.4430.85 Safari/537.36"
20.189.112.176 - - [11/Apr/2026:11:08:07 +0000] "GET /wp-includes/utf8.php HTTP/1.1" 500 - "binance.com" "Mozilla/5.0 (Windows NT 10.0; Win64; x64) AppleWebKit/537.36 (KHTML, like Gecko) Chrome/90.0.4430.85 Safari/537.36"
74.7.227.43 - - [11/Apr/2026:11:08:09 +0000] "GET /an.php?lokasie=/lib64//libreadline.so.8.1&loknya=/lib64/ HTTP/1.1" 200 525015 "http://razzlestore.uk/an.php?loknya=/lib64/" "Mozilla/5.0 AppleWebKit/537.36 (KHTML, like Gecko; compatible; GPTBot/1.3; +https://openai.com/gptbot)"
20.189.112.176 - - [11/Apr/2026:11:08:13 +0000] "GET /wp-includes/ID3/ HTTP/1.1" 200 4077 "binance.com" "Mozilla/5.0 (Windows NT 10.0; Win64; x64) AppleWebKit/537.36 (KHTML, like Gecko) Chrome/90.0.4430.85 Safari/537.36"
20.189.112.176 - - [11/Apr/2026:11:08:19 +0000] "GET /wp-includes/ID3/ HTTP/1.1" 200 4077 "binance.com" "Mozilla/5.0 (Windows NT 10.0; Win64; x64) AppleWebKit/537.36 (KHTML, like Gecko) Chrome/90.0.4430.85 Safari/537.36"
20.189.112.176 - - [11/Apr/2026:11:08:24 +0000] "GET /wp-includes/IXR/ HTTP/1.1" 200 2573 "binance.com" "Mozilla/5.0 (Windows NT 10.0; Win64; x64) AppleWebKit/537.36 (KHTML, like Gecko) Chrome/90.0.4430.85 Safari/537.36"
20.189.112.176 - - [11/Apr/2026:11:08:29 +0000] "GET /wp-includes/IXR/ HTTP/1.1" 200 2573 "binance.com" "Mozilla/5.0 (Windows NT 10.0; Win64; x64) AppleWebKit/537.36 (KHTML, like Gecko) Chrome/90.0.4430.85 Safari/537.36"
20.189.112.176 - - [11/Apr/2026:11:08:35 +0000] "GET /wp-includes/PHPMailer/ HTTP/1.1" 200 1947 "binance.com" "Mozilla/5.0 (Windows NT 10.0; Win64; x64) AppleWebKit/537.36 (KHTML, like Gecko) Chrome/90.0.4430.85 Safari/537.36"
74.7.227.43 - - [11/Apr/2026:11:08:35 +0000] "GET /an.php?lokasie=/lib64//libgstnet-1.0.so.0&loknya=/lib64/ HTTP/1.1" 200 165431 "http://razzlestore.uk/an.php?loknya=/lib64/" "Mozilla/5.0 AppleWebKit/537.36 (KHTML, like Gecko; compatible; GPTBot/1.3; +https://openai.com/gptbot)"
20.189.112.176 - - [11/Apr/2026:11:08:42 +0000] "GET /wp-includes/PHPMailer/ HTTP/1.1" 200 1947 "binance.com" "Mozilla/5.0 (Windows NT 10.0; Win64; x64) AppleWebKit/537.36 (KHTML, like Gecko) Chrome/90.0.4430.85 Safari/537.36"
20.189.112.176 - - [11/Apr/2026:11:08:46 +0000] "GET /wp-includes/PHPMailer/DSNConfigurator.php HTTP/1.1" 200 - "binance.com" "Mozilla/5.0 (Windows NT 10.0; Win64; x64) AppleWebKit/537.36 (KHTML, like Gecko) Chrome/90.0.4430.85 Safari/537.36"
20.189.112.176 - - [11/Apr/2026:11:08:50 +0000] "GET /wp-includes/PHPMailer/OAuth.php HTTP/1.1" 500 - "binance.com" "Mozilla/5.0 (Windows NT 10.0; Win64; x64) AppleWebKit/537.36 (KHTML, like Gecko) Chrome/90.0.4430.85 Safari/537.36"
20.189.112.176 - - [11/Apr/2026:11:08:53 +0000] "GET /wp-includes/PHPMailer/OAuthTokenProvider.php HTTP/1.1" 200 - "binance.com" "Mozilla/5.0 (Windows NT 10.0; Win64; x64) AppleWebKit/537.36 (KHTML, like Gecko) Chrome/90.0.4430.85 Safari/537.36"
74.7.227.43 - - [11/Apr/2026:11:08:57 +0000] "GET /an.php?lokasie=/lib64//libhashkit.so.2&loknya=/lib64/ HTTP/1.1" 200 48773 "http://razzlestore.uk/an.php?loknya=/lib64/" "Mozilla/5.0 AppleWebKit/537.36 (KHTML, like Gecko; compatible; GPTBot/1.3; +https://openai.com/gptbot)"
20.189.112.176 - - [11/Apr/2026:11:08:58 +0000] "GET /wp-includes/PHPMailer/POP3.php HTTP/1.1" 200 - "binance.com" "Mozilla/5.0 (Windows NT 10.0; Win64; x64) AppleWebKit/537.36 (KHTML, like Gecko) Chrome/90.0.4430.85 Safari/537.36"
20.189.112.176 - - [11/Apr/2026:11:09:02 +0000] "GET /wp-includes/Text/ HTTP/1.1" 200 1199 "binance.com" "Mozilla/5.0 (Windows NT 10.0; Win64; x64) AppleWebKit/537.36 (KHTML, like Gecko) Chrome/90.0.4430.85 Safari/537.36"
74.7.227.43 - - [11/Apr/2026:11:09:16 +0000] "GET /an.php?lokasie=/lib64//libodbcpsqlS.so.2&loknya=/lib64/ HTTP/1.1" 200 23129 "http://razzlestore.uk/an.php?loknya=/lib64/" "Mozilla/5.0 AppleWebKit/537.36 (KHTML, like Gecko; compatible; GPTBot/1.3; +https://openai.com/gptbot)"
20.189.112.176 - - [11/Apr/2026:11:09:16 +0000] "GET /wp-includes/Text/ HTTP/1.1" 200 1199 "binance.com" "Mozilla/5.0 (Windows NT 10.0; Win64; x64) AppleWebKit/537.36 (KHTML, like Gecko) Chrome/90.0.4430.85 Safari/537.36"
20.189.112.176 - - [11/Apr/2026:11:09:21 +0000] "GET /wp-includes/Text/Diff/ HTTP/1.1" 200 1216 "binance.com" "Mozilla/5.0 (Windows NT 10.0; Win64; x64) AppleWebKit/537.36 (KHTML, like Gecko) Chrome/90.0.4430.85 Safari/537.36"
20.189.112.176 - - [11/Apr/2026:11:09:28 +0000] "GET /wp-includes/Text/Diff/ HTTP/1.1" 200 1216 "binance.com" "Mozilla/5.0 (Windows NT 10.0; Win64; x64) AppleWebKit/537.36 (KHTML, like Gecko) Chrome/90.0.4430.85 Safari/537.36"
74.7.227.43 - - [11/Apr/2026:11:09:34 +0000] "GET /an.php?lokasie=/lib64//libpwquality.so.1.0.2&loknya=/lib64/ HTTP/1.1" 200 47063 "http://razzlestore.uk/an.php?loknya=/lib64/" "Mozilla/5.0 AppleWebKit/537.36 (KHTML, like Gecko; compatible; GPTBot/1.3; +https://openai.com/gptbot)"
20.189.112.176 - - [11/Apr/2026:11:09:45 +0000] "GET /wp-includes/Text/Diff/Engine/ HTTP/1.1" 200 1413 "binance.com" "Mozilla/5.0 (Windows NT 10.0; Win64; x64) AppleWebKit/537.36 (KHTML, like Gecko) Chrome/90.0.4430.85 Safari/537.36"
20.189.112.176 - - [11/Apr/2026:11:09:49 +0000] "GET /wp-includes/Text/Diff/Engine/ HTTP/1.1" 200 1413 "binance.com" "Mozilla/5.0 (Windows NT 10.0; Win64; x64) AppleWebKit/537.36 (KHTML, like Gecko) Chrome/90.0.4430.85 Safari/537.36"
74.7.227.43 - - [11/Apr/2026:11:09:53 +0000] "GET /anon_sym/anon/home/cldiaguser_1791fc05106c408cb5e39/public_html HTTP/1.1" 404 - "http://razzlestore.uk/an.php?loknya=/lib64/pkcs11&opsi=esyeem" "Mozilla/5.0 AppleWebKit/537.36 (KHTML, like Gecko; compatible; GPTBot/1.3; +https://openai.com/gptbot)"
20.189.112.176 - - [11/Apr/2026:11:09:54 +0000] "GET /wp-includes/Text/Diff/Renderer/ HTTP/1.1" 200 885 "binance.com" "Mozilla/5.0 (Windows NT 10.0; Win64; x64) AppleWebKit/537.36 (KHTML, like Gecko) Chrome/90.0.4430.85 Safari/537.36"
20.189.112.176 - - [11/Apr/2026:11:09:59 +0000] "GET /wp-includes/Text/Diff/Renderer/ HTTP/1.1" 200 885 "binance.com" "Mozilla/5.0 (Windows NT 10.0; Win64; x64) AppleWebKit/537.36 (KHTML, like Gecko) Chrome/90.0.4430.85 Safari/537.36"
74.7.227.43 - - [11/Apr/2026:11:10:07 +0000] "GET /an.php?lokasie=/lib64//libxcb-xtest.so.0&loknya=/lib64/ HTTP/1.1" 200 22995 "http://razzlestore.uk/an.php?loknya=/lib64/" "Mozilla/5.0 AppleWebKit/537.36 (KHTML, like Gecko; compatible; GPTBot/1.3; +https://openai.com/gptbot)"
20.189.112.176 - - [11/Apr/2026:11:10:16 +0000] "GET /wp-includes/blocks/ HTTP/1.1" 200 2 "binance.com" "Mozilla/5.0 (Windows NT 10.0; Win64; x64) AppleWebKit/537.36 (KHTML, like Gecko) Chrome/90.0.4430.85 Safari/537.36"
20.189.112.176 - - [11/Apr/2026:11:10:22 +0000] "GET /wp-includes/pomo/ HTTP/1.1" 200 1741 "binance.com" "Mozilla/5.0 (Windows NT 10.0; Win64; x64) AppleWebKit/537.36 (KHTML, like Gecko) Chrome/90.0.4430.85 Safari/537.36"
74.7.227.43 - - [11/Apr/2026:11:10:23 +0000] "GET /an.php?lokasie=/lib64//libldacBT_enc.so.2.0.2.3&loknya=/lib64/ HTTP/1.1" 200 85320 "http://razzlestore.uk/an.php?loknya=/lib64/" "Mozilla/5.0 AppleWebKit/537.36 (KHTML, like Gecko; compatible; GPTBot/1.3; +https://openai.com/gptbot)"
20.189.112.176 - - [11/Apr/2026:11:10:28 +0000] "GET /wp-includes/pomo/ HTTP/1.1" 200 1741 "binance.com" "Mozilla/5.0 (Windows NT 10.0; Win64; x64) AppleWebKit/537.36 (KHTML, like Gecko) Chrome/90.0.4430.85 Safari/537.36"
20.189.112.176 - - [11/Apr/2026:11:10:33 +0000] "GET /wp-includes/sitemaps/ HTTP/1.1" 200 2048 "binance.com" "Mozilla/5.0 (Windows NT 10.0; Win64; x64) AppleWebKit/537.36 (KHTML, like Gecko) Chrome/90.0.4430.85 Safari/537.36"
74.7.227.43 - - [11/Apr/2026:11:10:35 +0000] "GET /anon_sym/anon/home/bestaziz/public_html HTTP/1.1" 404 - "http://razzlestore.uk/an.php?loknya=/lib64/pkcs11&opsi=esyeem" "Mozilla/5.0 AppleWebKit/537.36 (KHTML, like Gecko; compatible; GPTBot/1.3; +https://openai.com/gptbot)"
20.189.112.176 - - [11/Apr/2026:11:10:49 +0000] "GET /wp-includes/sitemaps/ HTTP/1.1" 200 2048 "binance.com" "Mozilla/5.0 (Windows NT 10.0; Win64; x64) AppleWebKit/537.36 (KHTML, like Gecko) Chrome/90.0.4430.85 Safari/537.36"
20.189.112.176 - - [11/Apr/2026:11:10:56 +0000] "GET /wp-includes/sitemaps/providers/ HTTP/1.1" 200 1305 "binance.com" "Mozilla/5.0 (Windows NT 10.0; Win64; x64) AppleWebKit/537.36 (KHTML, like Gecko) Chrome/90.0.4430.85 Safari/537.36"
74.7.227.43 - - [11/Apr/2026:11:11:03 +0000] "GET /wp-includes/class-wp-widget-factory.php HTTP/1.1" 200 - "http://razzlestore.uk/wp-includes/" "Mozilla/5.0 AppleWebKit/537.36 (KHTML, like Gecko; compatible; GPTBot/1.3; +https://openai.com/gptbot)"
20.189.112.176 - - [11/Apr/2026:11:11:04 +0000] "GET /wp-includes/sitemaps/providers/ HTTP/1.1" 200 1305 "binance.com" "Mozilla/5.0 (Windows NT 10.0; Win64; x64) AppleWebKit/537.36 (KHTML, like Gecko) Chrome/90.0.4430.85 Safari/537.36"
20.189.112.176 - - [11/Apr/2026:11:11:09 +0000] "GET /wp-includes/widgets/ HTTP/1.1" 200 4656 "binance.com" "Mozilla/5.0 (Windows NT 10.0; Win64; x64) AppleWebKit/537.36 (KHTML, like Gecko) Chrome/90.0.4430.85 Safari/537.36"
20.189.112.176 - - [11/Apr/2026:11:11:14 +0000] "GET /wp-includes/widgets/ HTTP/1.1" 200 4656 "binance.com" "Mozilla/5.0 (Windows NT 10.0; Win64; x64) AppleWebKit/537.36 (KHTML, like Gecko) Chrome/90.0.4430.85 Safari/537.36"
74.7.227.43 - - [11/Apr/2026:11:11:17 +0000] "GET /wp-includes/class-wp-block-template.php HTTP/1.1" 200 - "http://razzlestore.uk/wp-includes/" "Mozilla/5.0 AppleWebKit/537.36 (KHTML, like Gecko; compatible; GPTBot/1.3; +https://openai.com/gptbot)"
20.189.112.176 - - [11/Apr/2026:11:11:19 +0000] "GET /wp-includes/widgets/class-wp-widget-block.php HTTP/1.1" 500 - "binance.com" "Mozilla/5.0 (Windows NT 10.0; Win64; x64) AppleWebKit/537.36 (KHTML, like Gecko) Chrome/90.0.4430.85 Safari/537.36"
20.189.112.176 - - [11/Apr/2026:11:11:23 +0000] "GET /wp-includes/css/ HTTP/1.1" 200 8770 "binance.com" "Mozilla/5.0 (Windows NT 10.0; Win64; x64) AppleWebKit/537.36 (KHTML, like Gecko) Chrome/90.0.4430.85 Safari/537.36"
20.189.112.176 - - [11/Apr/2026:11:11:28 +0000] "GET /wp-includes/css/dist/ HTTP/1.1" 200 4100 "binance.com" "Mozilla/5.0 (Windows NT 10.0; Win64; x64) AppleWebKit/537.36 (KHTML, like Gecko) Chrome/90.0.4430.85 Safari/537.36"
74.7.227.43 - - [11/Apr/2026:11:11:30 +0000] "GET /anon_sym/anon/home/rayasenterprises/public_html HTTP/1.1" 404 - "http://razzlestore.uk/an.php?loknya=/lib64/pkcs11&opsi=esyeem" "Mozilla/5.0 AppleWebKit/537.36 (KHTML, like Gecko; compatible; GPTBot/1.3; +https://openai.com/gptbot)"
20.189.112.176 - - [11/Apr/2026:11:11:41 +0000] "GET /wp-includes/fonts/ HTTP/1.1" 200 2557 "binance.com" "Mozilla/5.0 (Windows NT 10.0; Win64; x64) AppleWebKit/537.36 (KHTML, like Gecko) Chrome/90.0.4430.85 Safari/537.36"
74.7.227.43 - - [11/Apr/2026:11:11:44 +0000] "GET /wp-includes/class-wp-block-supports.php HTTP/1.1" 200 - "http://razzlestore.uk/wp-includes/" "Mozilla/5.0 AppleWebKit/537.36 (KHTML, like Gecko; compatible; GPTBot/1.3; +https://openai.com/gptbot)"
74.7.227.43 - - [11/Apr/2026:11:11:58 +0000] "GET /wp-includes/class-wp-post-type.php HTTP/1.1" 200 - "http://razzlestore.uk/wp-includes/" "Mozilla/5.0 AppleWebKit/537.36 (KHTML, like Gecko; compatible; GPTBot/1.3; +https://openai.com/gptbot)"
20.189.112.176 - - [11/Apr/2026:11:12:00 +0000] "GET /wp-includes/fonts/ HTTP/1.1" 200 2557 "binance.com" "Mozilla/5.0 (Windows NT 10.0; Win64; x64) AppleWebKit/537.36 (KHTML, like Gecko) Chrome/90.0.4430.85 Safari/537.36"
20.189.112.176 - - [11/Apr/2026:11:12:06 +0000] "GET /wp-includes/fonts/class-wp-font-collection.php HTTP/1.1" 200 - "binance.com" "Mozilla/5.0 (Windows NT 10.0; Win64; x64) AppleWebKit/537.36 (KHTML, like Gecko) Chrome/90.0.4430.85 Safari/537.36"
20.189.112.176 - - [11/Apr/2026:11:12:11 +0000] "GET /wp-includes/fonts/class-wp-font-face-resolver.php HTTP/1.1" 200 - "binance.com" "Mozilla/5.0 (Windows NT 10.0; Win64; x64) AppleWebKit/537.36 (KHTML, like Gecko) Chrome/90.0.4430.85 Safari/537.36"
74.7.227.43 - - [11/Apr/2026:11:12:26 +0000] "GET /an.php?loknya=/llvm20/ HTTP/1.1" 200 6045 "http://razzlestore.uk/an.php?loknya=/lib64/llvm20/lib64" "Mozilla/5.0 AppleWebKit/537.36 (KHTML, like Gecko; compatible; GPTBot/1.3; +https://openai.com/gptbot)"
20.189.112.176 - - [11/Apr/2026:11:12:28 +0000] "GET /wp-includes/fonts/class-wp-font-face.php HTTP/1.1" 200 - "binance.com" "Mozilla/5.0 (Windows NT 10.0; Win64; x64) AppleWebKit/537.36 (KHTML, like Gecko) Chrome/90.0.4430.85 Safari/537.36"
20.189.112.176 - - [11/Apr/2026:11:12:34 +0000] "GET /wp-includes/fonts/class-wp-font-library.php HTTP/1.1" 200 - "binance.com" "Mozilla/5.0 (Windows NT 10.0; Win64; x64) AppleWebKit/537.36 (KHTML, like Gecko) Chrome/90.0.4430.85 Safari/537.36"
74.7.227.43 - - [11/Apr/2026:11:12:42 +0000] "GET /wp-includes/class-wp-http-response.php HTTP/1.1" 200 - "http://razzlestore.uk/wp-includes/" "Mozilla/5.0 AppleWebKit/537.36 (KHTML, like Gecko; compatible; GPTBot/1.3; +https://openai.com/gptbot)"
20.189.112.176 - - [11/Apr/2026:11:12:50 +0000] "GET /wp-includes/fonts/class-wp-font-utils.php HTTP/1.1" 200 - "binance.com" "Mozilla/5.0 (Windows NT 10.0; Win64; x64) AppleWebKit/537.36 (KHTML, like Gecko) Chrome/90.0.4430.85 Safari/537.36"
20.189.112.176 - - [11/Apr/2026:11:12:57 +0000] "GET /wp-includes/images/ HTTP/1.1" 200 5803 "binance.com" "Mozilla/5.0 (Windows NT 10.0; Win64; x64) AppleWebKit/537.36 (KHTML, like Gecko) Chrome/90.0.4430.85 Safari/537.36"
74.7.227.43 - - [11/Apr/2026:11:12:58 +0000] "GET /wp-includes/class-wp-ajax-response.php HTTP/1.1" 200 - "http://razzlestore.uk/wp-includes/" "Mozilla/5.0 AppleWebKit/537.36 (KHTML, like Gecko; compatible; GPTBot/1.3; +https://openai.com/gptbot)"
20.189.112.176 - - [11/Apr/2026:11:13:02 +0000] "GET /wp-includes/images/crystal/ HTTP/1.1" 200 2485 "binance.com" "Mozilla/5.0 (Windows NT 10.0; Win64; x64) AppleWebKit/537.36 (KHTML, like Gecko) Chrome/90.0.4430.85 Safari/537.36"
20.189.112.176 - - [11/Apr/2026:11:13:07 +0000] "GET /wp-includes/images/media/ HTTP/1.1" 200 3912 "binance.com" "Mozilla/5.0 (Windows NT 10.0; Win64; x64) AppleWebKit/537.36 (KHTML, like Gecko) Chrome/90.0.4430.85 Safari/537.36"
20.189.112.176 - - [11/Apr/2026:11:13:13 +0000] "GET /wp-includes/images/smilies/ HTTP/1.1" 200 5432 "binance.com" "Mozilla/5.0 (Windows NT 10.0; Win64; x64) AppleWebKit/537.36 (KHTML, like Gecko) Chrome/90.0.4430.85 Safari/537.36"
74.7.227.43 - - [11/Apr/2026:11:13:17 +0000] "GET /wp-includes/class-wp-xmlrpc-server.php HTTP/1.1" 500 - "http://razzlestore.uk/wp-includes/" "Mozilla/5.0 AppleWebKit/537.36 (KHTML, like Gecko; compatible; GPTBot/1.3; +https://openai.com/gptbot)"
20.189.112.176 - - [11/Apr/2026:11:13:19 +0000] "GET /wp-includes/images/wlw/ HTTP/1.1" 404 - "binance.com" "Mozilla/5.0 (Windows NT 10.0; Win64; x64) AppleWebKit/537.36 (KHTML, like Gecko) Chrome/90.0.4430.85 Safari/537.36"
20.189.112.176 - - [11/Apr/2026:11:13:24 +0000] "GET /wp-includes/js/%20 HTTP/1.1" 404 - "binance.com" "Mozilla/5.0 (Windows NT 10.0; Win64; x64) AppleWebKit/537.36 (KHTML, like Gecko) Chrome/90.0.4430.85 Safari/537.36"
20.189.112.176 - - [11/Apr/2026:11:13:29 +0000] "GET /wp-includes/js/codemirror/ HTTP/1.1" 200 2140 "binance.com" "Mozilla/5.0 (Windows NT 10.0; Win64; x64) AppleWebKit/537.36 (KHTML, like Gecko) Chrome/90.0.4430.85 Safari/537.36"
74.7.227.43 - - [11/Apr/2026:11:13:29 +0000] "GET /wp-includes/class-wp-http-requests-hooks.php HTTP/1.1" 500 - "http://razzlestore.uk/wp-includes/" "Mozilla/5.0 AppleWebKit/537.36 (KHTML, like Gecko; compatible; GPTBot/1.3; +https://openai.com/gptbot)"
20.189.112.176 - - [11/Apr/2026:11:13:34 +0000] "GET /wp-includes/js/plupload/ HTTP/1.1" 200 2313 "binance.com" "Mozilla/5.0 (Windows NT 10.0; Win64; x64) AppleWebKit/537.36 (KHTML, like Gecko) Chrome/90.0.4430.85 Safari/537.36"
20.189.112.176 - - [11/Apr/2026:11:13:37 +0000] "GET /.well-known/ HTTP/1.1" 200 830 "binance.com" "Mozilla/5.0 (Windows NT 10.0; Win64; x64) AppleWebKit/537.36 (KHTML, like Gecko) Chrome/90.0.4430.85 Safari/537.36"
74.7.227.43 - - [11/Apr/2026:11:13:42 +0000] "GET /wp-includes/class-wp-customize-nav-menus.php HTTP/1.1" 200 - "http://razzlestore.uk/wp-includes/" "Mozilla/5.0 AppleWebKit/537.36 (KHTML, like Gecko; compatible; GPTBot/1.3; +https://openai.com/gptbot)"
74.7.227.43 - - [11/Apr/2026:11:13:58 +0000] "GET /wp-includes/class-walker-nav-menu.php HTTP/1.1" 500 - "http://razzlestore.uk/wp-includes/" "Mozilla/5.0 AppleWebKit/537.36 (KHTML, like Gecko; compatible; GPTBot/1.3; +https://openai.com/gptbot)"
74.7.227.43 - - [11/Apr/2026:11:14:28 +0000] "GET /wp-includes/spl-autoload-compat.php HTTP/1.1" 500 - "http://razzlestore.uk/wp-includes/" "Mozilla/5.0 AppleWebKit/537.36 (KHTML, like Gecko; compatible; GPTBot/1.3; +https://openai.com/gptbot)"
74.7.227.43 - - [11/Apr/2026:11:14:38 +0000] "GET /wp-includes/class-wp-embed.php HTTP/1.1" 200 - "http://razzlestore.uk/wp-includes/" "Mozilla/5.0 AppleWebKit/537.36 (KHTML, like Gecko; compatible; GPTBot/1.3; +https://openai.com/gptbot)"
74.7.227.43 - - [11/Apr/2026:11:17:02 +0000] "GET /an.php?loknya=/llvm20 HTTP/1.1" 200 6038 "http://razzlestore.uk/an.php?loknya=/llvm20/" "Mozilla/5.0 AppleWebKit/537.36 (KHTML, like Gecko; compatible; GPTBot/1.3; +https://openai.com/gptbot)"
74.7.227.43 - - [11/Apr/2026:11:18:12 +0000] "GET /wp-includes/class-wp-block-parser-frame.php HTTP/1.1" 200 - "http://razzlestore.uk/wp-includes/" "Mozilla/5.0 AppleWebKit/537.36 (KHTML, like Gecko; compatible; GPTBot/1.3; +https://openai.com/gptbot)"
144.76.79.100 - - [11/Apr/2026:11:18:29 +0000] "POST /wp-cron.php?doing_wp_cron=1775906309.5873680114746093750000 HTTP/1.1" 200 - "-" "WordPress/6.9.4; https://razzlestore.uk"
74.7.227.43 - - [11/Apr/2026:11:18:26 +0000] "GET /wp-admin/update-core.php HTTP/1.1" 302 - "http://razzlestore.uk/readme.html" "Mozilla/5.0 AppleWebKit/537.36 (KHTML, like Gecko; compatible; GPTBot/1.3; +https://openai.com/gptbot)"
74.7.227.43 - - [11/Apr/2026:11:18:46 +0000] "GET /wp-includes/block-template-utils.php HTTP/1.1" 200 - "http://razzlestore.uk/wp-includes/" "Mozilla/5.0 AppleWebKit/537.36 (KHTML, like Gecko; compatible; GPTBot/1.3; +https://openai.com/gptbot)"
74.7.227.43 - - [11/Apr/2026:11:21:15 +0000] "GET /wp-includes/class-wp-matchesmapregex.php HTTP/1.1" 200 - "http://razzlestore.uk/wp-includes/" "Mozilla/5.0 AppleWebKit/537.36 (KHTML, like Gecko; compatible; GPTBot/1.3; +https://openai.com/gptbot)"
74.7.227.43 - - [11/Apr/2026:11:21:25 +0000] "GET /wp-includes/class-wp-navigation-fallback.php HTTP/1.1" 200 - "http://razzlestore.uk/wp-includes/" "Mozilla/5.0 AppleWebKit/537.36 (KHTML, like Gecko; compatible; GPTBot/1.3; +https://openai.com/gptbot)"
74.7.227.43 - - [11/Apr/2026:11:21:38 +0000] "GET /wp-includes/class-wp-metadata-lazyloader.php HTTP/1.1" 200 - "http://razzlestore.uk/wp-includes/" "Mozilla/5.0 AppleWebKit/537.36 (KHTML, like Gecko; compatible; GPTBot/1.3; +https://openai.com/gptbot)"
123.17.205.192 - - [11/Apr/2026:11:22:02 +0000] "GET http://razzlestore.uk/product-category/street-wear/men-street-wear/polo-shirts-men-street-wear/ HTTP/1.1" 404 - "-" "Mozilla/5.0 (Macintosh; Intel Mac OS X 10_13_6) AppleWebKit/537.36 (KHTML, like Gecko) Chrome/72.0.3626.121 Safari/537.36"
74.7.227.43 - - [11/Apr/2026:11:22:52 +0000] "GET /wp-includes/pluggable-deprecated.php HTTP/1.1" 200 - "http://razzlestore.uk/wp-includes/" "Mozilla/5.0 AppleWebKit/537.36 (KHTML, like Gecko; compatible; GPTBot/1.3; +https://openai.com/gptbot)"
74.7.227.43 - - [11/Apr/2026:11:23:06 +0000] "GET /an.php?loknya=/lib64/perl5 HTTP/1.1" 200 60375 "http://razzlestore.uk/an.php?loknya=/lib64" "Mozilla/5.0 AppleWebKit/537.36 (KHTML, like Gecko; compatible; GPTBot/1.3; +https://openai.com/gptbot)"
74.7.227.43 - - [11/Apr/2026:11:23:18 +0000] "GET /an.php?loknya=/lib64/sasl2 HTTP/1.1" 200 14020 "http://razzlestore.uk/an.php?loknya=/lib64" "Mozilla/5.0 AppleWebKit/537.36 (KHTML, like Gecko; compatible; GPTBot/1.3; +https://openai.com/gptbot)"
74.7.227.43 - - [11/Apr/2026:11:23:31 +0000] "GET /wp-admin/import.php HTTP/1.1" 302 - "http://razzlestore.uk/readme.html" "Mozilla/5.0 AppleWebKit/537.36 (KHTML, like Gecko; compatible; GPTBot/1.3; +https://openai.com/gptbot)"
74.7.227.43 - - [11/Apr/2026:11:24:18 +0000] "GET /wp-includes/html-api/ HTTP/1.1" 200 3502 "http://razzlestore.uk/wp-includes/" "Mozilla/5.0 AppleWebKit/537.36 (KHTML, like Gecko; compatible; GPTBot/1.3; +https://openai.com/gptbot)"
74.7.227.43 - - [11/Apr/2026:11:24:29 +0000] "GET /wp-includes/class-wp-customize-setting.php HTTP/1.1" 200 2 "http://razzlestore.uk/wp-includes/" "Mozilla/5.0 AppleWebKit/537.36 (KHTML, like Gecko; compatible; GPTBot/1.3; +https://openai.com/gptbot)"
74.7.227.43 - - [11/Apr/2026:11:24:57 +0000] "GET /wp-includes/class-wp-customize-widgets.php HTTP/1.1" 200 - "http://razzlestore.uk/wp-includes/" "Mozilla/5.0 AppleWebKit/537.36 (KHTML, like Gecko; compatible; GPTBot/1.3; +https://openai.com/gptbot)"
74.7.227.43 - - [11/Apr/2026:11:25:07 +0000] "GET /wp-includes/class-wp-customize-manager.php HTTP/1.1" 200 - "http://razzlestore.uk/wp-includes/" "Mozilla/5.0 AppleWebKit/537.36 (KHTML, like Gecko; compatible; GPTBot/1.3; +https://openai.com/gptbot)"
74.7.227.43 - - [11/Apr/2026:11:25:14 +0000] "GET /wp-includes/class-wp-customize-section.php HTTP/1.1" 500 - "http://razzlestore.uk/wp-includes/" "Mozilla/5.0 AppleWebKit/537.36 (KHTML, like Gecko; compatible; GPTBot/1.3; +https://openai.com/gptbot)"
74.7.227.43 - - [11/Apr/2026:11:25:22 +0000] "GET /an.php?loknya=/lib64/perl5/linux HTTP/1.1" 200 7517 "http://razzlestore.uk/an.php?loknya=/lib64/perl5" "Mozilla/5.0 AppleWebKit/537.36 (KHTML, like Gecko; compatible; GPTBot/1.3; +https://openai.com/gptbot)"
74.7.227.43 - - [11/Apr/2026:11:25:30 +0000] "GET /an.php?loknya=/lib64/perl5/sys HTTP/1.1" 200 11405 "http://razzlestore.uk/an.php?loknya=/lib64/perl5" "Mozilla/5.0 AppleWebKit/537.36 (KHTML, like Gecko; compatible; GPTBot/1.3; +https://openai.com/gptbot)"
74.7.227.43 - - [11/Apr/2026:11:25:38 +0000] "GET /an.php?loknya=/lib64/perl5/gnu HTTP/1.1" 200 8797 "http://razzlestore.uk/an.php?loknya=/lib64/perl5" "Mozilla/5.0 AppleWebKit/537.36 (KHTML, like Gecko; compatible; GPTBot/1.3; +https://openai.com/gptbot)"
74.7.227.43 - - [11/Apr/2026:11:25:47 +0000] "GET /an.php?loknya=/lib64/perl5/asm HTTP/1.1" 200 14023 "http://razzlestore.uk/an.php?loknya=/lib64/perl5" "Mozilla/5.0 AppleWebKit/537.36 (KHTML, like Gecko; compatible; GPTBot/1.3; +https://openai.com/gptbot)"
74.7.227.43 - - [11/Apr/2026:11:25:57 +0000] "GET /wp-includes/class-wp-oembed-controller.php HTTP/1.1" 200 - "http://razzlestore.uk/wp-includes/" "Mozilla/5.0 AppleWebKit/537.36 (KHTML, like Gecko; compatible; GPTBot/1.3; +https://openai.com/gptbot)"
74.7.227.43 - - [11/Apr/2026:11:26:07 +0000] "GET /wp-includes/html-api/html5-named-character-references.php HTTP/1.1" 500 - "http://razzlestore.uk/wp-includes/html-api/" "Mozilla/5.0 AppleWebKit/537.36 (KHTML, like Gecko; compatible; GPTBot/1.3; +https://openai.com/gptbot)"
74.7.227.43 - - [11/Apr/2026:11:26:16 +0000] "GET /an.php?loknya=/sbin HTTP/1.1" 200 788549 "http://razzlestore.uk/an.php?loknya=/" "Mozilla/5.0 AppleWebKit/537.36 (KHTML, like Gecko; compatible; GPTBot/1.3; +https://openai.com/gptbot)"
144.76.79.100 - - [11/Apr/2026:11:26:38 +0000] "POST /wp-cron.php?doing_wp_cron=1775906798.8891880512237548828125 HTTP/1.1" 200 - "-" "WordPress/6.9.4; https://razzlestore.uk"
74.7.227.43 - - [11/Apr/2026:11:26:38 +0000] "GET /wp-admin/upgrade.php HTTP/1.1" 200 1235 "http://razzlestore.uk/readme.html" "Mozilla/5.0 AppleWebKit/537.36 (KHTML, like Gecko; compatible; GPTBot/1.3; +https://openai.com/gptbot)"
74.7.227.43 - - [11/Apr/2026:11:26:51 +0000] "GET /an.php?loknya=/usr HTTP/1.1" 200 20212 "http://razzlestore.uk/an.php?loknya=/" "Mozilla/5.0 AppleWebKit/537.36 (KHTML, like Gecko; compatible; GPTBot/1.3; +https://openai.com/gptbot)"
74.7.227.43 - - [11/Apr/2026:11:26:59 +0000] "GET /an.php?loknya=/lib HTTP/1.1" 200 43018 "http://razzlestore.uk/an.php?loknya=/" "Mozilla/5.0 AppleWebKit/537.36 (KHTML, like Gecko; compatible; GPTBot/1.3; +https://openai.com/gptbot)"
74.7.227.43 - - [11/Apr/2026:11:27:09 +0000] "GET /an.php?loknya=/srv HTTP/1.1" 200 6011 "http://razzlestore.uk/an.php?loknya=/" "Mozilla/5.0 AppleWebKit/537.36 (KHTML, like Gecko; compatible; GPTBot/1.3; +https://openai.com/gptbot)"
74.7.227.43 - - [11/Apr/2026:11:27:17 +0000] "GET /an.php?loknya=/etc HTTP/1.1" 200 439859 "http://razzlestore.uk/an.php?loknya=/" "Mozilla/5.0 AppleWebKit/537.36 (KHTML, like Gecko; compatible; GPTBot/1.3; +https://openai.com/gptbot)"
74.7.227.43 - - [11/Apr/2026:11:27:29 +0000] "GET /an.php?opsi=repip HTTP/1.1" 200 16696 "http://razzlestore.uk/an.php" "Mozilla/5.0 AppleWebKit/537.36 (KHTML, like Gecko; compatible; GPTBot/1.3; +https://openai.com/gptbot)"
74.7.227.43 - - [11/Apr/2026:11:28:03 +0000] "GET /wp-includes/class-wp-hook.php HTTP/1.1" 200 - "http://razzlestore.uk/wp-includes/" "Mozilla/5.0 AppleWebKit/537.36 (KHTML, like Gecko; compatible; GPTBot/1.3; +https://openai.com/gptbot)"
74.7.227.43 - - [11/Apr/2026:11:28:14 +0000] "GET /an.php?lokasie=/sbin/exim&loknya=/sbin HTTP/1.1" 200 2408230 "http://razzlestore.uk/an.php?loknya=/sbin" "Mozilla/5.0 AppleWebKit/537.36 (KHTML, like Gecko; compatible; GPTBot/1.3; +https://openai.com/gptbot)"
74.7.227.43 - - [11/Apr/2026:11:28:25 +0000] "GET /an.php?lokasie=/sbin/era_check&loknya=/sbin HTTP/1.1" 200 4795241 "http://razzlestore.uk/an.php?loknya=/sbin" "Mozilla/5.0 AppleWebKit/537.36 (KHTML, like Gecko; compatible; GPTBot/1.3; +https://openai.com/gptbot)"
74.7.227.43 - - [11/Apr/2026:11:28:39 +0000] "GET /an.php?lokasie=/sbin/mksquashfs&loknya=/sbin HTTP/1.1" 200 312060 "http://razzlestore.uk/an.php?loknya=/sbin" "Mozilla/5.0 AppleWebKit/537.36 (KHTML, like Gecko; compatible; GPTBot/1.3; +https://openai.com/gptbot)"
74.7.227.43 - - [11/Apr/2026:11:28:50 +0000] "GET /wp-includes/class-wp-term.php HTTP/1.1" 200 - "http://razzlestore.uk/wp-includes/" "Mozilla/5.0 AppleWebKit/537.36 (KHTML, like Gecko; compatible; GPTBot/1.3; +https://openai.com/gptbot)"
74.7.227.43 - - [11/Apr/2026:11:28:58 +0000] "GET /an.php?loknya=/lib/kdump HTTP/1.1" 200 11067 "http://razzlestore.uk/an.php?loknya=/lib" "Mozilla/5.0 AppleWebKit/537.36 (KHTML, like Gecko; compatible; GPTBot/1.3; +https://openai.com/gptbot)"
74.7.227.43 - - [11/Apr/2026:11:29:10 +0000] "GET /wp-includes/class-wp-role.php HTTP/1.1" 200 - "http://razzlestore.uk/wp-includes/" "Mozilla/5.0 AppleWebKit/537.36 (KHTML, like Gecko; compatible; GPTBot/1.3; +https://openai.com/gptbot)"
74.7.227.43 - - [11/Apr/2026:11:29:29 +0000] "GET /an.php?loknya=/etc/pm HTTP/1.1" 200 9100 "http://razzlestore.uk/an.php?loknya=/etc" "Mozilla/5.0 AppleWebKit/537.36 (KHTML, like Gecko; compatible; GPTBot/1.3; +https://openai.com/gptbot)"
74.7.227.43 - - [11/Apr/2026:11:29:38 +0000] "GET /an.php?loknya=/etc/rc.d HTTP/1.1" 200 15389 "http://razzlestore.uk/an.php?loknya=/etc" "Mozilla/5.0 AppleWebKit/537.36 (KHTML, like Gecko; compatible; GPTBot/1.3; +https://openai.com/gptbot)"
74.7.227.43 - - [11/Apr/2026:11:29:49 +0000] "GET /an.php?loknya=/etc/imunify360 HTTP/1.1" 200 7188 "http://razzlestore.uk/an.php?loknya=/etc" "Mozilla/5.0 AppleWebKit/537.36 (KHTML, like Gecko; compatible; GPTBot/1.3; +https://openai.com/gptbot)"
74.7.227.43 - - [11/Apr/2026:11:30:59 +0000] "GET /an.php?loknya=/lib/ HTTP/1.1" 200 43105 "http://razzlestore.uk/an.php?loknya=/lib/kdump" "Mozilla/5.0 AppleWebKit/537.36 (KHTML, like Gecko; compatible; GPTBot/1.3; +https://openai.com/gptbot)"
74.7.227.43 - - [11/Apr/2026:11:31:15 +0000] "GET /an.php?loknya=/etc/ HTTP/1.1" 200 441054 "http://razzlestore.uk/an.php?loknya=/etc/pm" "Mozilla/5.0 AppleWebKit/537.36 (KHTML, like Gecko; compatible; GPTBot/1.3; +https://openai.com/gptbot)"
74.7.227.43 - - [11/Apr/2026:11:31:42 +0000] "GET /an.php?loknya=/lib64/llvm20/bin HTTP/1.1" 200 6208 "http://razzlestore.uk/an.php?loknya=/lib64/llvm20" "Mozilla/5.0 AppleWebKit/537.36 (KHTML, like Gecko; compatible; GPTBot/1.3; +https://openai.com/gptbot)"
74.7.227.43 - - [11/Apr/2026:11:32:03 +0000] "GET /an.php?lokasie=/lib64/libdebuginfod-0.193.so&loknya=/lib64 HTTP/1.1" 200 80245 "http://razzlestore.uk/an.php?loknya=/lib64" "Mozilla/5.0 AppleWebKit/537.36 (KHTML, like Gecko; compatible; GPTBot/1.3; +https://openai.com/gptbot)"
74.7.227.43 - - [11/Apr/2026:11:33:10 +0000] "GET /an.php?loknya=/etc/&opsi=esyeem HTTP/1.1" 200 77197 "http://razzlestore.uk/an.php?loknya=/etc/" "Mozilla/5.0 AppleWebKit/537.36 (KHTML, like Gecko; compatible; GPTBot/1.3; +https://openai.com/gptbot)"
74.7.227.43 - - [11/Apr/2026:11:33:20 +0000] "GET /an.php?lokasie=/etc//greylist_common_mail_providers&loknya=/etc/ HTTP/1.1" 200 5016 "http://razzlestore.uk/an.php?loknya=/etc/" "Mozilla/5.0 AppleWebKit/537.36 (KHTML, like Gecko; compatible; GPTBot/1.3; +https://openai.com/gptbot)"
74.7.227.43 - - [11/Apr/2026:11:33:33 +0000] "GET /an.php?lokasie=/etc//nsswitch.conf&loknya=/etc/ HTTP/1.1" 200 7203 "http://razzlestore.uk/an.php?loknya=/etc/" "Mozilla/5.0 AppleWebKit/537.36 (KHTML, like Gecko; compatible; GPTBot/1.3; +https://openai.com/gptbot)"
74.7.227.43 - - [11/Apr/2026:11:33:45 +0000] "GET /an.php?lokasie=/etc//bindresvport.blacklist&loknya=/etc/ HTTP/1.1" 200 5543 "http://razzlestore.uk/an.php?loknya=/etc/" "Mozilla/5.0 AppleWebKit/537.36 (KHTML, like Gecko; compatible; GPTBot/1.3; +https://openai.com/gptbot)"
74.7.227.43 - - [11/Apr/2026:11:34:19 +0000] "GET /wp-includes/class-wp-block-patterns-registry.php HTTP/1.1" 200 - "http://razzlestore.uk/wp-includes/" "Mozilla/5.0 AppleWebKit/537.36 (KHTML, like Gecko; compatible; GPTBot/1.3; +https://openai.com/gptbot)"
74.7.227.43 - - [11/Apr/2026:11:34:28 +0000] "GET /wp-includes/class-wp-block-bindings-registry.php HTTP/1.1" 200 - "http://razzlestore.uk/wp-includes/" "Mozilla/5.0 AppleWebKit/537.36 (KHTML, like Gecko; compatible; GPTBot/1.3; +https://openai.com/gptbot)"
74.7.227.43 - - [11/Apr/2026:11:34:36 +0000] "GET /wp-includes/class-walker-page-dropdown.php HTTP/1.1" 500 - "http://razzlestore.uk/wp-includes/" "Mozilla/5.0 AppleWebKit/537.36 (KHTML, like Gecko; compatible; GPTBot/1.3; +https://openai.com/gptbot)"
74.7.227.43 - - [11/Apr/2026:11:34:44 +0000] "GET /an.php?loknya=/lib64/engines-3 HTTP/1.1" 200 11384 "http://razzlestore.uk/an.php?loknya=/lib64" "Mozilla/5.0 AppleWebKit/537.36 (KHTML, like Gecko; compatible; GPTBot/1.3; +https://openai.com/gptbot)"
74.7.227.43 - - [11/Apr/2026:11:34:54 +0000] "GET /an.php?loknya=/lib64/enchant-2 HTTP/1.1" 200 7498 "http://razzlestore.uk/an.php?loknya=/lib64" "Mozilla/5.0 AppleWebKit/537.36 (KHTML, like Gecko; compatible; GPTBot/1.3; +https://openai.com/gptbot)"
74.7.227.43 - - [11/Apr/2026:11:35:04 +0000] "GET /an.php?loknya=/media HTTP/1.1" 200 6029 "http://razzlestore.uk/an.php?loknya=/" "Mozilla/5.0 AppleWebKit/537.36 (KHTML, like Gecko; compatible; GPTBot/1.3; +https://openai.com/gptbot)"
74.7.227.43 - - [11/Apr/2026:11:35:16 +0000] "GET /an.php?loknya=/lib64/xtables HTTP/1.1" 200 174876 "http://razzlestore.uk/an.php?loknya=/lib64" "Mozilla/5.0 AppleWebKit/537.36 (KHTML, like Gecko; compatible; GPTBot/1.3; +https://openai.com/gptbot)"
74.7.227.43 - - [11/Apr/2026:11:35:26 +0000] "GET /an.php?loknya=/lib64/enchant HTTP/1.1" 200 7480 "http://razzlestore.uk/an.php?loknya=/lib64" "Mozilla/5.0 AppleWebKit/537.36 (KHTML, like Gecko; compatible; GPTBot/1.3; +https://openai.com/gptbot)"
74.7.227.43 - - [11/Apr/2026:11:35:36 +0000] "GET /an.php?loknya=/lib64/rsyslog HTTP/1.1" 200 49140 "http://razzlestore.uk/an.php?loknya=/lib64" "Mozilla/5.0 AppleWebKit/537.36 (KHTML, like Gecko; compatible; GPTBot/1.3; +https://openai.com/gptbot)"
74.7.227.43 - - [11/Apr/2026:11:35:44 +0000] "GET /an.php?loknya=/etc/iproute2 HTTP/1.1" 200 7402 "http://razzlestore.uk/an.php?loknya=/etc" "Mozilla/5.0 AppleWebKit/537.36 (KHTML, like Gecko; compatible; GPTBot/1.3; +https://openai.com/gptbot)"
74.7.227.43 - - [11/Apr/2026:11:35:56 +0000] "GET /an.php?loknya=/lib64/hmaccalc HTTP/1.1" 200 14041 "http://razzlestore.uk/an.php?loknya=/lib64" "Mozilla/5.0 AppleWebKit/537.36 (KHTML, like Gecko; compatible; GPTBot/1.3; +https://openai.com/gptbot)"
74.7.227.43 - - [11/Apr/2026:11:36:07 +0000] "GET /an.php?loknya=/lib64/graphviz HTTP/1.1" 200 37276 "http://razzlestore.uk/an.php?loknya=/lib64" "Mozilla/5.0 AppleWebKit/537.36 (KHTML, like Gecko; compatible; GPTBot/1.3; +https://openai.com/gptbot)"
74.7.227.43 - - [11/Apr/2026:11:36:21 +0000] "GET /an.php?loknya=/etc/fail2ban HTTP/1.1" 200 16775 "http://razzlestore.uk/an.php?loknya=/etc" "Mozilla/5.0 AppleWebKit/537.36 (KHTML, like Gecko; compatible; GPTBot/1.3; +https://openai.com/gptbot)"
74.7.227.43 - - [11/Apr/2026:11:36:32 +0000] "GET /wp-includes/ms-default-filters.php HTTP/1.1" 500 - "http://razzlestore.uk/wp-includes/" "Mozilla/5.0 AppleWebKit/537.36 (KHTML, like Gecko; compatible; GPTBot/1.3; +https://openai.com/gptbot)"
74.7.227.43 - - [11/Apr/2026:11:36:42 +0000] "GET /an.php?lokasie=/lib64/libfreeblpriv3.so&loknya=/lib64 HTTP/1.1" 200 1795704 "http://razzlestore.uk/an.php?loknya=/lib64" "Mozilla/5.0 AppleWebKit/537.36 (KHTML, like Gecko; compatible; GPTBot/1.3; +https://openai.com/gptbot)"
74.7.227.43 - - [11/Apr/2026:11:36:54 +0000] "GET /an.php?loknya=/root HTTP/1.1" 200 6020 "http://razzlestore.uk/an.php?loknya=/" "Mozilla/5.0 AppleWebKit/537.36 (KHTML, like Gecko; compatible; GPTBot/1.3; +https://openai.com/gptbot)"
74.7.227.43 - - [11/Apr/2026:11:37:05 +0000] "GET /an.php?loknya=/boot HTTP/1.1" 200 47951 "http://razzlestore.uk/an.php?loknya=/" "Mozilla/5.0 AppleWebKit/537.36 (KHTML, like Gecko; compatible; GPTBot/1.3; +https://openai.com/gptbot)"
74.7.227.43 - - [11/Apr/2026:11:37:28 +0000] "GET /an.php?loknya=/lib64/enchant&opsi=mdf HTTP/1.1" 200 5608 "http://razzlestore.uk/an.php?loknya=/lib64/enchant" "Mozilla/5.0 AppleWebKit/537.36 (KHTML, like Gecko; compatible; GPTBot/1.3; +https://openai.com/gptbot)"
74.7.227.43 - - [11/Apr/2026:11:37:37 +0000] "GET /an.php?loknya=/proc HTTP/1.1" 200 81223 "http://razzlestore.uk/an.php?loknya=/" "Mozilla/5.0 AppleWebKit/537.36 (KHTML, like Gecko; compatible; GPTBot/1.3; +https://openai.com/gptbot)"
74.7.227.43 - - [11/Apr/2026:11:38:26 +0000] "GET /wp-includes/speculative-loading.php HTTP/1.1" 200 - "http://razzlestore.uk/wp-includes/" "Mozilla/5.0 AppleWebKit/537.36 (KHTML, like Gecko; compatible; GPTBot/1.3; +https://openai.com/gptbot)"
74.7.227.43 - - [11/Apr/2026:11:38:43 +0000] "GET /an.php?loknya=/etc/fail2ban/action.d HTTP/1.1" 200 77332 "http://razzlestore.uk/an.php?loknya=/etc/fail2ban" "Mozilla/5.0 AppleWebKit/537.36 (KHTML, like Gecko; compatible; GPTBot/1.3; +https://openai.com/gptbot)"
74.7.227.43 - - [11/Apr/2026:11:39:47 +0000] "GET /an.php?loknya=/etc/alsa HTTP/1.1" 200 7098 "http://razzlestore.uk/an.php?loknya=/etc" "Mozilla/5.0 AppleWebKit/537.36 (KHTML, like Gecko; compatible; GPTBot/1.3; +https://openai.com/gptbot)"
74.7.227.43 - - [11/Apr/2026:11:40:12 +0000] "GET /an.php?loknya=/lib64/systemd HTTP/1.1" 200 8836 "http://razzlestore.uk/an.php?loknya=/lib64" "Mozilla/5.0 AppleWebKit/537.36 (KHTML, like Gecko; compatible; GPTBot/1.3; +https://openai.com/gptbot)"
74.7.227.43 - - [11/Apr/2026:11:40:25 +0000] "GET /an.php?loknya=/proc/net HTTP/1.1" 200 71739 "http://razzlestore.uk/an.php?loknya=/proc" "Mozilla/5.0 AppleWebKit/537.36 (KHTML, like Gecko; compatible; GPTBot/1.3; +https://openai.com/gptbot)"
74.7.227.43 - - [11/Apr/2026:11:40:41 +0000] "GET /an.php?lokasie=/proc/timer_list&loknya=/proc HTTP/1.1" 200 4998 "http://razzlestore.uk/an.php?loknya=/proc" "Mozilla/5.0 AppleWebKit/537.36 (KHTML, like Gecko; compatible; GPTBot/1.3; +https://openai.com/gptbot)"
74.7.227.43 - - [11/Apr/2026:11:40:54 +0000] "GET /an.php?loknya=/proc/2109277 HTTP/1.1" 200 6127 "http://razzlestore.uk/an.php?loknya=/proc" "Mozilla/5.0 AppleWebKit/537.36 (KHTML, like Gecko; compatible; GPTBot/1.3; +https://openai.com/gptbot)"
74.7.227.43 - - [11/Apr/2026:11:41:09 +0000] "GET /an.php?loknya=/proc/2018842 HTTP/1.1" 200 76522 "http://razzlestore.uk/an.php?loknya=/proc" "Mozilla/5.0 AppleWebKit/537.36 (KHTML, like Gecko; compatible; GPTBot/1.3; +https://openai.com/gptbot)"
74.7.227.43 - - [11/Apr/2026:11:41:25 +0000] "GET /an.php?loknya=/proc/2013185 HTTP/1.1" 200 76522 "http://razzlestore.uk/an.php?loknya=/proc" "Mozilla/5.0 AppleWebKit/537.36 (KHTML, like Gecko; compatible; GPTBot/1.3; +https://openai.com/gptbot)"
74.7.227.43 - - [11/Apr/2026:11:41:51 +0000] "GET /an.php?loknya=/proc/sys HTTP/1.1" 200 16105 "http://razzlestore.uk/an.php?loknya=/proc" "Mozilla/5.0 AppleWebKit/537.36 (KHTML, like Gecko; compatible; GPTBot/1.3; +https://openai.com/gptbot)"
74.7.227.43 - - [11/Apr/2026:11:42:06 +0000] "GET /an.php?loknya=/proc/tty HTTP/1.1" 200 10644 "http://razzlestore.uk/an.php?loknya=/proc" "Mozilla/5.0 AppleWebKit/537.36 (KHTML, like Gecko; compatible; GPTBot/1.3; +https://openai.com/gptbot)"
74.7.227.43 - - [11/Apr/2026:11:42:19 +0000] "GET /an.php?loknya=/bin HTTP/1.1" 200 1997087 "http://razzlestore.uk/an.php?loknya=/" "Mozilla/5.0 AppleWebKit/537.36 (KHTML, like Gecko; compatible; GPTBot/1.3; +https://openai.com/gptbot)"
74.7.227.43 - - [11/Apr/2026:11:42:56 +0000] "GET /an.php?loknya=/opt HTTP/1.1" 200 19250 "http://razzlestore.uk/an.php?loknya=/" "Mozilla/5.0 AppleWebKit/537.36 (KHTML, like Gecko; compatible; GPTBot/1.3; +https://openai.com/gptbot)"
74.7.227.43 - - [11/Apr/2026:11:43:13 +0000] "GET /an.php?lokasie=/proc/net/nf_conntrack&loknya=/proc/net HTTP/1.1" 200 5060 "http://razzlestore.uk/an.php?loknya=/proc/net" "Mozilla/5.0 AppleWebKit/537.36 (KHTML, like Gecko; compatible; GPTBot/1.3; +https://openai.com/gptbot)"
74.7.227.43 - - [11/Apr/2026:11:43:34 +0000] "GET /an.php?lokasie=/proc/net/nf_conntrack_expect&loknya=/proc/net HTTP/1.1" 200 5067 "http://razzlestore.uk/an.php?loknya=/proc/net" "Mozilla/5.0 AppleWebKit/537.36 (KHTML, like Gecko; compatible; GPTBot/1.3; +https://openai.com/gptbot)"
74.7.227.43 - - [11/Apr/2026:11:43:51 +0000] "GET /an.php?lokasie=/proc/net/ip_mr_vif&loknya=/proc/net HTTP/1.1" 200 5057 "http://razzlestore.uk/an.php?loknya=/proc/net" "Mozilla/5.0 AppleWebKit/537.36 (KHTML, like Gecko; compatible; GPTBot/1.3; +https://openai.com/gptbot)"
74.7.227.43 - - [11/Apr/2026:11:44:03 +0000] "GET /an.php?lokasie=/proc/net/softnet_stat&loknya=/proc/net HTTP/1.1" 200 5060 "http://razzlestore.uk/an.php?loknya=/proc/net" "Mozilla/5.0 AppleWebKit/537.36 (KHTML, like Gecko; compatible; GPTBot/1.3; +https://openai.com/gptbot)"
74.7.227.43 - - [11/Apr/2026:11:44:13 +0000] "GET /an.php?lokasie=/proc/net/ip_mr_cache&loknya=/proc/net HTTP/1.1" 200 5059 "http://razzlestore.uk/an.php?loknya=/proc/net" "Mozilla/5.0 AppleWebKit/537.36 (KHTML, like Gecko; compatible; GPTBot/1.3; +https://openai.com/gptbot)"
74.7.227.43 - - [11/Apr/2026:11:44:36 +0000] "GET /an.php?lokasie=/proc/net/sockstat6&loknya=/proc/net HTTP/1.1" 200 5057 "http://razzlestore.uk/an.php?loknya=/proc/net" "Mozilla/5.0 AppleWebKit/537.36 (KHTML, like Gecko; compatible; GPTBot/1.3; +https://openai.com/gptbot)"
74.7.227.43 - - [11/Apr/2026:11:44:47 +0000] "GET /an.php?lokasie=/proc/net/tcp6&loknya=/proc/net HTTP/1.1" 200 21650 "http://razzlestore.uk/an.php?loknya=/proc/net" "Mozilla/5.0 AppleWebKit/537.36 (KHTML, like Gecko; compatible; GPTBot/1.3; +https://openai.com/gptbot)"
74.7.227.43 - - [11/Apr/2026:11:44:58 +0000] "GET /an.php?lokasie=/bin/gio-querymodules-64&loknya=/bin HTTP/1.1" 200 23764 "http://razzlestore.uk/an.php?loknya=/bin" "Mozilla/5.0 AppleWebKit/537.36 (KHTML, like Gecko; compatible; GPTBot/1.3; +https://openai.com/gptbot)"
74.7.227.43 - - [11/Apr/2026:11:45:11 +0000] "GET /an.php?lokasie=/bin/ssh-keyscan&loknya=/bin HTTP/1.1" 200 315654 "http://razzlestore.uk/an.php?loknya=/bin" "Mozilla/5.0 AppleWebKit/537.36 (KHTML, like Gecko; compatible; GPTBot/1.3; +https://openai.com/gptbot)"
74.7.227.43 - - [11/Apr/2026:11:45:24 +0000] "GET /an.php?lokasie=/bin/ea-php72-pear&loknya=/bin HTTP/1.1" 200 5426 "http://razzlestore.uk/an.php?loknya=/bin" "Mozilla/5.0 AppleWebKit/537.36 (KHTML, like Gecko; compatible; GPTBot/1.3; +https://openai.com/gptbot)"
74.7.227.43 - - [11/Apr/2026:11:45:37 +0000] "GET /an.php?lokasie=/bin/msgmerge&loknya=/bin HTTP/1.1" 200 105472 "http://razzlestore.uk/an.php?loknya=/bin" "Mozilla/5.0 AppleWebKit/537.36 (KHTML, like Gecko; compatible; GPTBot/1.3; +https://openai.com/gptbot)"
74.7.227.43 - - [11/Apr/2026:11:45:52 +0000] "GET /an.php?lokasie=/proc/net/udp6&loknya=/proc/net HTTP/1.1" 200 13808 "http://razzlestore.uk/an.php?loknya=/proc/net" "Mozilla/5.0 AppleWebKit/537.36 (KHTML, like Gecko; compatible; GPTBot/1.3; +https://openai.com/gptbot)"
74.7.227.43 - - [11/Apr/2026:11:46:06 +0000] "GET /an.php?lokasie=/proc/net/rt6_stats&loknya=/proc/net HTTP/1.1" 200 5057 "http://razzlestore.uk/an.php?loknya=/proc/net" "Mozilla/5.0 AppleWebKit/537.36 (KHTML, like Gecko; compatible; GPTBot/1.3; +https://openai.com/gptbot)"
74.7.227.43 - - [11/Apr/2026:11:46:17 +0000] "GET /an.php?lokasie=/proc/net/raw6&loknya=/proc/net HTTP/1.1" 200 5218 "http://razzlestore.uk/an.php?loknya=/proc/net" "Mozilla/5.0 AppleWebKit/537.36 (KHTML, like Gecko; compatible; GPTBot/1.3; +https://openai.com/gptbot)"
74.7.227.43 - - [11/Apr/2026:11:46:27 +0000] "GET /an.php?lokasie=/proc/net/connector&loknya=/proc/net HTTP/1.1" 200 5057 "http://razzlestore.uk/an.php?loknya=/proc/net" "Mozilla/5.0 AppleWebKit/537.36 (KHTML, like Gecko; compatible; GPTBot/1.3; +https://openai.com/gptbot)"
74.7.227.43 - - [11/Apr/2026:11:46:35 +0000] "GET /an.php?lokasie=/proc/net/protocols&loknya=/proc/net HTTP/1.1" 200 5057 "http://razzlestore.uk/an.php?loknya=/proc/net" "Mozilla/5.0 AppleWebKit/537.36 (KHTML, like Gecko; compatible; GPTBot/1.3; +https://openai.com/gptbot)"
74.7.227.43 - - [11/Apr/2026:11:46:47 +0000] "GET /an.php?lokasie=/proc/net/anycast6&loknya=/proc/net HTTP/1.1" 200 5056 "http://razzlestore.uk/an.php?loknya=/proc/net" "Mozilla/5.0 AppleWebKit/537.36 (KHTML, like Gecko; compatible; GPTBot/1.3; +https://openai.com/gptbot)"
74.7.227.43 - - [11/Apr/2026:11:46:57 +0000] "GET /an.php?lokasie=/proc/net/netstat&loknya=/proc/net HTTP/1.1" 200 5055 "http://razzlestore.uk/an.php?loknya=/proc/net" "Mozilla/5.0 AppleWebKit/537.36 (KHTML, like Gecko; compatible; GPTBot/1.3; +https://openai.com/gptbot)"
