109.123.249.14 - - [11/Apr/2026:08:43:51 +0000] "POST /xmlrpc.php HTTP/1.1" 200 401 "-" "Mozilla/5.0 (Windows NT 10.0; Win64; x64) AppleWebKit/537.36 (KHTML, like Gecko) Chrome/80.0.3987.149 Safari/537.36"
109.123.249.14 - - [11/Apr/2026:08:43:52 +0000] "POST /xmlrpc.php HTTP/1.1" 200 401 "-" "Mozilla/5.0 (Windows NT 10.0; Win64; x64) AppleWebKit/537.36 (KHTML, like Gecko) Chrome/80.0.3987.149 Safari/537.36"
109.123.249.14 - - [11/Apr/2026:08:43:53 +0000] "POST /xmlrpc.php HTTP/1.1" 200 401 "-" "Mozilla/5.0 (Windows NT 10.0; Win64; x64) AppleWebKit/537.36 (KHTML, like Gecko) Chrome/80.0.3987.149 Safari/537.36"
144.76.79.100 - - [11/Apr/2026:08:43:56 +0000] "POST /wp-cron.php?doing_wp_cron=1775897036.2089331150054931640625 HTTP/1.1" 200 - "-" "WordPress/6.9.4; https://razzlestore.uk"
109.123.249.14 - - [11/Apr/2026:08:43:55 +0000] "POST /xmlrpc.php HTTP/1.1" 200 401 "-" "Mozilla/5.0 (Windows NT 10.0; Win64; x64) AppleWebKit/537.36 (KHTML, like Gecko) Chrome/80.0.3987.149 Safari/537.36"
109.123.249.14 - - [11/Apr/2026:08:43:56 +0000] "POST /xmlrpc.php HTTP/1.1" 200 401 "-" "Mozilla/5.0 (Windows NT 10.0; Win64; x64) AppleWebKit/537.36 (KHTML, like Gecko) Chrome/80.0.3987.149 Safari/537.36"
109.123.249.14 - - [11/Apr/2026:08:43:59 +0000] "POST /xmlrpc.php HTTP/1.1" 200 401 "-" "Mozilla/5.0 (Windows NT 10.0; Win64; x64) AppleWebKit/537.36 (KHTML, like Gecko) Chrome/80.0.3987.149 Safari/537.36"
109.123.249.14 - - [11/Apr/2026:08:44:00 +0000] "POST /xmlrpc.php HTTP/1.1" 200 401 "-" "Mozilla/5.0 (Windows NT 10.0; Win64; x64) AppleWebKit/537.36 (KHTML, like Gecko) Chrome/80.0.3987.149 Safari/537.36"
109.123.249.14 - - [11/Apr/2026:08:44:02 +0000] "POST /xmlrpc.php HTTP/1.1" 200 401 "-" "Mozilla/5.0 (Windows NT 10.0; Win64; x64) AppleWebKit/537.36 (KHTML, like Gecko) Chrome/80.0.3987.149 Safari/537.36"
109.123.249.14 - - [11/Apr/2026:08:44:03 +0000] "POST /xmlrpc.php HTTP/1.1" 200 401 "-" "Mozilla/5.0 (Windows NT 10.0; Win64; x64) AppleWebKit/537.36 (KHTML, like Gecko) Chrome/80.0.3987.149 Safari/537.36"
109.123.249.14 - - [11/Apr/2026:08:44:04 +0000] "POST /xmlrpc.php HTTP/1.1" 200 401 "-" "Mozilla/5.0 (Windows NT 10.0; Win64; x64) AppleWebKit/537.36 (KHTML, like Gecko) Chrome/80.0.3987.149 Safari/537.36"
109.123.249.14 - - [11/Apr/2026:08:44:05 +0000] "POST /xmlrpc.php HTTP/1.1" 200 401 "-" "Mozilla/5.0 (Windows NT 10.0; Win64; x64) AppleWebKit/537.36 (KHTML, like Gecko) Chrome/80.0.3987.149 Safari/537.36"
109.123.249.14 - - [11/Apr/2026:08:44:07 +0000] "POST /xmlrpc.php HTTP/1.1" 200 401 "-" "Mozilla/5.0 (Windows NT 10.0; Win64; x64) AppleWebKit/537.36 (KHTML, like Gecko) Chrome/80.0.3987.149 Safari/537.36"
109.123.249.14 - - [11/Apr/2026:08:44:08 +0000] "POST /xmlrpc.php HTTP/1.1" 200 401 "-" "Mozilla/5.0 (Windows NT 10.0; Win64; x64) AppleWebKit/537.36 (KHTML, like Gecko) Chrome/80.0.3987.149 Safari/537.36"
109.123.249.14 - - [11/Apr/2026:08:44:11 +0000] "POST /xmlrpc.php HTTP/1.1" 200 401 "-" "Mozilla/5.0 (Windows NT 10.0; Win64; x64) AppleWebKit/537.36 (KHTML, like Gecko) Chrome/80.0.3987.149 Safari/537.36"
109.123.249.14 - - [11/Apr/2026:08:44:13 +0000] "POST /xmlrpc.php HTTP/1.1" 200 401 "-" "Mozilla/5.0 (Windows NT 10.0; Win64; x64) AppleWebKit/537.36 (KHTML, like Gecko) Chrome/80.0.3987.149 Safari/537.36"
109.123.249.14 - - [11/Apr/2026:08:44:15 +0000] "POST /xmlrpc.php HTTP/1.1" 200 401 "-" "Mozilla/5.0 (Windows NT 10.0; Win64; x64) AppleWebKit/537.36 (KHTML, like Gecko) Chrome/80.0.3987.149 Safari/537.36"
109.123.249.14 - - [11/Apr/2026:08:44:17 +0000] "POST /xmlrpc.php HTTP/1.1" 200 401 "-" "Mozilla/5.0 (Windows NT 10.0; Win64; x64) AppleWebKit/537.36 (KHTML, like Gecko) Chrome/80.0.3987.149 Safari/537.36"
109.123.249.14 - - [11/Apr/2026:08:44:18 +0000] "POST /xmlrpc.php HTTP/1.1" 200 401 "-" "Mozilla/5.0 (Windows NT 10.0; Win64; x64) AppleWebKit/537.36 (KHTML, like Gecko) Chrome/80.0.3987.149 Safari/537.36"
109.123.249.14 - - [11/Apr/2026:08:44:20 +0000] "POST /xmlrpc.php HTTP/1.1" 200 401 "-" "Mozilla/5.0 (Windows NT 10.0; Win64; x64) AppleWebKit/537.36 (KHTML, like Gecko) Chrome/80.0.3987.149 Safari/537.36"
109.123.249.14 - - [11/Apr/2026:08:44:21 +0000] "POST /xmlrpc.php HTTP/1.1" 200 401 "-" "Mozilla/5.0 (Windows NT 10.0; Win64; x64) AppleWebKit/537.36 (KHTML, like Gecko) Chrome/80.0.3987.149 Safari/537.36"
109.123.249.14 - - [11/Apr/2026:08:44:22 +0000] "POST /xmlrpc.php HTTP/1.1" 200 401 "-" "Mozilla/5.0 (Windows NT 10.0; Win64; x64) AppleWebKit/537.36 (KHTML, like Gecko) Chrome/80.0.3987.149 Safari/537.36"
109.123.249.14 - - [11/Apr/2026:08:44:24 +0000] "POST /xmlrpc.php HTTP/1.1" 200 401 "-" "Mozilla/5.0 (Windows NT 10.0; Win64; x64) AppleWebKit/537.36 (KHTML, like Gecko) Chrome/80.0.3987.149 Safari/537.36"
109.123.249.14 - - [11/Apr/2026:08:44:27 +0000] "POST /xmlrpc.php HTTP/1.1" 200 401 "-" "Mozilla/5.0 (Windows NT 10.0; Win64; x64) AppleWebKit/537.36 (KHTML, like Gecko) Chrome/80.0.3987.149 Safari/537.36"
109.123.249.14 - - [11/Apr/2026:08:44:28 +0000] "POST /xmlrpc.php HTTP/1.1" 200 401 "-" "Mozilla/5.0 (Windows NT 10.0; Win64; x64) AppleWebKit/537.36 (KHTML, like Gecko) Chrome/80.0.3987.149 Safari/537.36"
109.123.249.14 - - [11/Apr/2026:08:44:29 +0000] "POST /xmlrpc.php HTTP/1.1" 200 401 "-" "Mozilla/5.0 (Windows NT 10.0; Win64; x64) AppleWebKit/537.36 (KHTML, like Gecko) Chrome/80.0.3987.149 Safari/537.36"
109.123.249.14 - - [11/Apr/2026:08:44:30 +0000] "POST /xmlrpc.php HTTP/1.1" 200 401 "-" "Mozilla/5.0 (Windows NT 10.0; Win64; x64) AppleWebKit/537.36 (KHTML, like Gecko) Chrome/80.0.3987.149 Safari/537.36"
109.123.249.14 - - [11/Apr/2026:08:44:31 +0000] "POST /xmlrpc.php HTTP/1.1" 200 401 "-" "Mozilla/5.0 (Windows NT 10.0; Win64; x64) AppleWebKit/537.36 (KHTML, like Gecko) Chrome/80.0.3987.149 Safari/537.36"
109.123.249.14 - - [11/Apr/2026:08:44:33 +0000] "POST /xmlrpc.php HTTP/1.1" 200 401 "-" "Mozilla/5.0 (Windows NT 10.0; Win64; x64) AppleWebKit/537.36 (KHTML, like Gecko) Chrome/80.0.3987.149 Safari/537.36"
109.123.249.14 - - [11/Apr/2026:08:44:33 +0000] "POST /xmlrpc.php HTTP/1.1" 200 401 "-" "Mozilla/5.0 (Windows NT 10.0; Win64; x64) AppleWebKit/537.36 (KHTML, like Gecko) Chrome/80.0.3987.149 Safari/537.36"
109.123.249.14 - - [11/Apr/2026:08:44:34 +0000] "POST /xmlrpc.php HTTP/1.1" 200 401 "-" "Mozilla/5.0 (Windows NT 10.0; Win64; x64) AppleWebKit/537.36 (KHTML, like Gecko) Chrome/80.0.3987.149 Safari/537.36"
109.123.249.14 - - [11/Apr/2026:08:44:35 +0000] "POST /xmlrpc.php HTTP/1.1" 200 401 "-" "Mozilla/5.0 (Windows NT 10.0; Win64; x64) AppleWebKit/537.36 (KHTML, like Gecko) Chrome/80.0.3987.149 Safari/537.36"
109.123.249.14 - - [11/Apr/2026:08:44:36 +0000] "POST /xmlrpc.php HTTP/1.1" 200 401 "-" "Mozilla/5.0 (Windows NT 10.0; Win64; x64) AppleWebKit/537.36 (KHTML, like Gecko) Chrome/80.0.3987.149 Safari/537.36"
109.123.249.14 - - [11/Apr/2026:08:44:38 +0000] "POST /xmlrpc.php HTTP/1.1" 200 401 "-" "Mozilla/5.0 (Windows NT 10.0; Win64; x64) AppleWebKit/537.36 (KHTML, like Gecko) Chrome/80.0.3987.149 Safari/537.36"
109.123.249.14 - - [11/Apr/2026:08:44:39 +0000] "POST /xmlrpc.php HTTP/1.1" 200 401 "-" "Mozilla/5.0 (Windows NT 10.0; Win64; x64) AppleWebKit/537.36 (KHTML, like Gecko) Chrome/80.0.3987.149 Safari/537.36"
109.123.249.14 - - [11/Apr/2026:08:44:40 +0000] "POST /xmlrpc.php HTTP/1.1" 200 401 "-" "Mozilla/5.0 (Windows NT 10.0; Win64; x64) AppleWebKit/537.36 (KHTML, like Gecko) Chrome/80.0.3987.149 Safari/537.36"
144.76.79.100 - - [11/Apr/2026:08:44:44 +0000] "POST /wp-cron.php?doing_wp_cron=1775897083.6622390747070312500000 HTTP/1.1" 200 - "-" "WordPress/6.9.4; https://razzlestore.uk"
109.123.249.14 - - [11/Apr/2026:08:44:41 +0000] "POST /xmlrpc.php HTTP/1.1" 200 401 "-" "Mozilla/5.0 (Windows NT 10.0; Win64; x64) AppleWebKit/537.36 (KHTML, like Gecko) Chrome/80.0.3987.149 Safari/537.36"
109.123.249.14 - - [11/Apr/2026:08:44:44 +0000] "POST /xmlrpc.php HTTP/1.1" 200 401 "-" "Mozilla/5.0 (Windows NT 10.0; Win64; x64) AppleWebKit/537.36 (KHTML, like Gecko) Chrome/80.0.3987.149 Safari/537.36"
109.123.249.14 - - [11/Apr/2026:08:44:45 +0000] "POST /xmlrpc.php HTTP/1.1" 200 401 "-" "Mozilla/5.0 (Windows NT 10.0; Win64; x64) AppleWebKit/537.36 (KHTML, like Gecko) Chrome/80.0.3987.149 Safari/537.36"
109.123.249.14 - - [11/Apr/2026:08:44:47 +0000] "POST /xmlrpc.php HTTP/1.1" 200 401 "-" "Mozilla/5.0 (Windows NT 10.0; Win64; x64) AppleWebKit/537.36 (KHTML, like Gecko) Chrome/80.0.3987.149 Safari/537.36"
109.123.249.14 - - [11/Apr/2026:08:44:48 +0000] "POST /xmlrpc.php HTTP/1.1" 200 401 "-" "Mozilla/5.0 (Windows NT 10.0; Win64; x64) AppleWebKit/537.36 (KHTML, like Gecko) Chrome/80.0.3987.149 Safari/537.36"
109.123.249.14 - - [11/Apr/2026:08:44:49 +0000] "POST /xmlrpc.php HTTP/1.1" 200 401 "-" "Mozilla/5.0 (Windows NT 10.0; Win64; x64) AppleWebKit/537.36 (KHTML, like Gecko) Chrome/80.0.3987.149 Safari/537.36"
109.123.249.14 - - [11/Apr/2026:08:44:51 +0000] "POST /xmlrpc.php HTTP/1.1" 200 401 "-" "Mozilla/5.0 (Windows NT 10.0; Win64; x64) AppleWebKit/537.36 (KHTML, like Gecko) Chrome/80.0.3987.149 Safari/537.36"
109.123.249.14 - - [11/Apr/2026:08:44:54 +0000] "POST /xmlrpc.php HTTP/1.1" 200 401 "-" "Mozilla/5.0 (Windows NT 10.0; Win64; x64) AppleWebKit/537.36 (KHTML, like Gecko) Chrome/80.0.3987.149 Safari/537.36"
74.7.227.43 - - [11/Apr/2026:08:45:18 +0000] "GET /wp-includes/post-thumbnail-template.php HTTP/1.1" 200 - "http://razzlestore.uk/wp-includes/" "Mozilla/5.0 AppleWebKit/537.36 (KHTML, like Gecko; compatible; GPTBot/1.3; +https://openai.com/gptbot)"
43.155.162.41 - - [11/Apr/2026:08:49:03 +0000] "GET /wp-content/ HTTP/1.1" 200 - "-" "Mozilla/5.0 (iPhone; CPU iPhone OS 13_2_3 like Mac OS X) AppleWebKit/605.1.15 (KHTML, like Gecko) Version/13.0.3 Mobile/15E148 Safari/604.1"
43.134.186.61 - - [11/Apr/2026:08:59:54 +0000] "GET /?C=M;O=A HTTP/1.1" 200 5350 "-" "Mozilla/5.0 (iPhone; CPU iPhone OS 13_2_3 like Mac OS X) AppleWebKit/605.1.15 (KHTML, like Gecko) Version/13.0.3 Mobile/15E148 Safari/604.1"
43.130.102.7 - - [11/Apr/2026:09:10:29 +0000] "GET /?C=S;O=A HTTP/1.1" 200 5350 "-" "Mozilla/5.0 (iPhone; CPU iPhone OS 13_2_3 like Mac OS X) AppleWebKit/605.1.15 (KHTML, like Gecko) Version/13.0.3 Mobile/15E148 Safari/604.1"
123.16.130.138 - - [11/Apr/2026:09:16:44 +0000] "GET http://razzlestore.uk/product-category/sports-wear/women-sports-wear/soccer-uniform/ HTTP/1.1" 404 - "-" "Mozilla/5.0 (Macintosh; Intel Mac OS X 10_13_6) AppleWebKit/537.36 (KHTML, like Gecko) Chrome/74.0.3729.169 Safari/524.34"
49.51.38.193 - - [11/Apr/2026:09:20:18 +0000] "GET /wp-settings.php HTTP/1.1" 500 - "-" "Mozilla/5.0 (iPhone; CPU iPhone OS 13_2_3 like Mac OS X) AppleWebKit/605.1.15 (KHTML, like Gecko) Version/13.0.3 Mobile/15E148 Safari/604.1"
74.7.227.43 - - [11/Apr/2026:09:39:31 +0000] "GET /test.php HTTP/1.1" 200 1359 "http://razzlestore.uk/" "Mozilla/5.0 AppleWebKit/537.36 (KHTML, like Gecko; compatible; GPTBot/1.3; +https://openai.com/gptbot)"
74.7.227.43 - - [11/Apr/2026:09:40:06 +0000] "GET /license.txt HTTP/1.1" 200 19903 "http://razzlestore.uk/" "Mozilla/5.0 AppleWebKit/537.36 (KHTML, like Gecko; compatible; GPTBot/1.3; +https://openai.com/gptbot)"
74.7.227.43 - - [11/Apr/2026:09:40:42 +0000] "GET /cgi-bin/ HTTP/1.1" 404 - "http://razzlestore.uk/" "Mozilla/5.0 AppleWebKit/537.36 (KHTML, like Gecko; compatible; GPTBot/1.3; +https://openai.com/gptbot)"
74.7.227.43 - - [11/Apr/2026:09:42:02 +0000] "GET /wp-includes/class-wp-url-pattern-prefixer.php HTTP/1.1" 200 - "http://razzlestore.uk/wp-includes/" "Mozilla/5.0 AppleWebKit/537.36 (KHTML, like Gecko; compatible; GPTBot/1.3; +https://openai.com/gptbot)"
74.7.227.43 - - [11/Apr/2026:09:43:04 +0000] "GET /readme.html HTTP/1.1" 200 7425 "http://razzlestore.uk/" "Mozilla/5.0 AppleWebKit/537.36 (KHTML, like Gecko; compatible; GPTBot/1.3; +https://openai.com/gptbot)"
74.7.227.43 - - [11/Apr/2026:09:43:44 +0000] "GET /outfitsio.zip HTTP/1.1" 200 235125199 "http://razzlestore.uk/" "Mozilla/5.0 AppleWebKit/537.36 (KHTML, like Gecko; compatible; GPTBot/1.3; +https://openai.com/gptbot)"
74.7.227.43 - - [11/Apr/2026:09:44:50 +0000] "GET /wp-config-sample.php HTTP/1.1" 500 2431 "http://razzlestore.uk/" "Mozilla/5.0 AppleWebKit/537.36 (KHTML, like Gecko; compatible; GPTBot/1.3; +https://openai.com/gptbot)"
144.76.79.100 - - [11/Apr/2026:09:45:42 +0000] "POST /wp-cron.php?doing_wp_cron=1775900742.0283219814300537109375 HTTP/1.1" 200 - "-" "WordPress/6.9.4; https://razzlestore.uk"
74.7.227.43 - - [11/Apr/2026:09:45:41 +0000] "GET /wp-trackback.php HTTP/1.1" 404 135 "http://razzlestore.uk/" "Mozilla/5.0 AppleWebKit/537.36 (KHTML, like Gecko; compatible; GPTBot/1.3; +https://openai.com/gptbot)"
74.7.227.43 - - [11/Apr/2026:09:46:23 +0000] "GET /faqs/ HTTP/1.1" 200 648678 "http://razzlestore.uk/" "Mozilla/5.0 AppleWebKit/537.36 (KHTML, like Gecko; compatible; GPTBot/1.3; +https://openai.com/gptbot)"
74.7.227.43 - - [11/Apr/2026:09:47:04 +0000] "GET /shop/ HTTP/1.1" 200 622755 "http://razzlestore.uk/" "Mozilla/5.0 AppleWebKit/537.36 (KHTML, like Gecko; compatible; GPTBot/1.3; +https://openai.com/gptbot)"
74.7.227.43 - - [11/Apr/2026:09:47:55 +0000] "GET /wp-links-opml.php HTTP/1.1" 200 227 "http://razzlestore.uk/" "Mozilla/5.0 AppleWebKit/537.36 (KHTML, like Gecko; compatible; GPTBot/1.3; +https://openai.com/gptbot)"
69.63.189.13 - - [11/Apr/2026:09:48:15 +0000] "GET /robots.txt HTTP/1.1" 404 - "-" "facebookexternalhit/1.1 (+http://www.facebook.com/externalhit_uatext.php)"
69.63.189.22 - - [11/Apr/2026:09:48:15 +0000] "GET / HTTP/1.1" 200 5350 "-" "meta-externalagent/1.1 (+https://developers.facebook.com/docs/sharing/webmasters/crawler)"
74.7.227.43 - - [11/Apr/2026:09:48:52 +0000] "GET /litespeed.conf HTTP/1.1" 200 1654 "http://razzlestore.uk/" "Mozilla/5.0 AppleWebKit/537.36 (KHTML, like Gecko; compatible; GPTBot/1.3; +https://openai.com/gptbot)"
74.7.227.43 - - [11/Apr/2026:09:49:48 +0000] "GET /an.php HTTP/1.1" 200 48045 "http://razzlestore.uk/" "Mozilla/5.0 AppleWebKit/537.36 (KHTML, like Gecko; compatible; GPTBot/1.3; +https://openai.com/gptbot)"
43.157.82.252 - - [11/Apr/2026:09:50:23 +0000] "GET /?C=N;O=A HTTP/1.1" 200 5350 "-" "Mozilla/5.0 (iPhone; CPU iPhone OS 13_2_3 like Mac OS X) AppleWebKit/605.1.15 (KHTML, like Gecko) Version/13.0.3 Mobile/15E148 Safari/604.1"
74.7.227.43 - - [11/Apr/2026:09:51:43 +0000] "GET /wp-includes/post-formats.php HTTP/1.1" 200 - "http://razzlestore.uk/wp-includes/" "Mozilla/5.0 AppleWebKit/537.36 (KHTML, like Gecko; compatible; GPTBot/1.3; +https://openai.com/gptbot)"
74.7.227.43 - - [11/Apr/2026:09:52:44 +0000] "GET /wp-admin/images/wordpress-logo.png HTTP/1.1" 200 2480 "http://razzlestore.uk/readme.html" "Mozilla/5.0 AppleWebKit/537.36 (KHTML, like Gecko; compatible; GPTBot/1.3; +https://openai.com/gptbot)"
74.7.227.43 - - [11/Apr/2026:09:53:33 +0000] "GET /wp-includes/post-template.php HTTP/1.1" 200 - "http://razzlestore.uk/wp-includes/" "Mozilla/5.0 AppleWebKit/537.36 (KHTML, like Gecko; compatible; GPTBot/1.3; +https://openai.com/gptbot)"
74.7.227.43 - - [11/Apr/2026:09:54:30 +0000] "GET /wp-includes/class-wp-fatal-error-handler.php HTTP/1.1" 200 - "http://razzlestore.uk/wp-includes/" "Mozilla/5.0 AppleWebKit/537.36 (KHTML, like Gecko; compatible; GPTBot/1.3; +https://openai.com/gptbot)"
74.7.227.43 - - [11/Apr/2026:09:55:33 +0000] "GET /wp-includes/block-patterns/query-large-title-posts.php HTTP/1.1" 500 - "http://razzlestore.uk/wp-includes/block-patterns/" "Mozilla/5.0 AppleWebKit/537.36 (KHTML, like Gecko; compatible; GPTBot/1.3; +https://openai.com/gptbot)"
74.7.227.43 - - [11/Apr/2026:09:56:47 +0000] "GET /faq/ HTTP/1.1" 404 - "http://razzlestore.uk/faqs/" "Mozilla/5.0 AppleWebKit/537.36 (KHTML, like Gecko; compatible; GPTBot/1.3; +https://openai.com/gptbot)"
74.7.227.43 - - [11/Apr/2026:09:57:57 +0000] "GET /wp-includes/block-patterns/query-standard-posts.php HTTP/1.1" 500 - "http://razzlestore.uk/wp-includes/block-patterns/" "Mozilla/5.0 AppleWebKit/537.36 (KHTML, like Gecko; compatible; GPTBot/1.3; +https://openai.com/gptbot)"
74.7.227.43 - - [11/Apr/2026:09:58:58 +0000] "GET /wp-includes/global-styles-and-settings.php HTTP/1.1" 200 - "http://razzlestore.uk/wp-includes/" "Mozilla/5.0 AppleWebKit/537.36 (KHTML, like Gecko; compatible; GPTBot/1.3; +https://openai.com/gptbot)"
43.154.140.188 - - [11/Apr/2026:09:59:19 +0000] "GET /wp-config-sample.php HTTP/1.1" 500 2431 "-" "Mozilla/5.0 (iPhone; CPU iPhone OS 13_2_3 like Mac OS X) AppleWebKit/605.1.15 (KHTML, like Gecko) Version/13.0.3 Mobile/15E148 Safari/604.1"
74.7.227.43 - - [11/Apr/2026:09:59:57 +0000] "GET /wp-includes/block-patterns/query-small-posts.php HTTP/1.1" 500 - "http://razzlestore.uk/wp-includes/block-patterns/" "Mozilla/5.0 AppleWebKit/537.36 (KHTML, like Gecko; compatible; GPTBot/1.3; +https://openai.com/gptbot)"
74.7.227.43 - - [11/Apr/2026:10:01:02 +0000] "GET /an.php?loknya=/ HTTP/1.1" 200 37190 "http://razzlestore.uk/an.php" "Mozilla/5.0 AppleWebKit/537.36 (KHTML, like Gecko; compatible; GPTBot/1.3; +https://openai.com/gptbot)"
74.7.227.43 - - [11/Apr/2026:10:02:37 +0000] "GET /wp-includes/post.php HTTP/1.1" 200 - "http://razzlestore.uk/wp-includes/" "Mozilla/5.0 AppleWebKit/537.36 (KHTML, like Gecko; compatible; GPTBot/1.3; +https://openai.com/gptbot)"
74.7.227.43 - - [11/Apr/2026:10:03:19 +0000] "GET /wp-includes/block-patterns/query-offset-posts.php HTTP/1.1" 500 - "http://razzlestore.uk/wp-includes/block-patterns/" "Mozilla/5.0 AppleWebKit/537.36 (KHTML, like Gecko; compatible; GPTBot/1.3; +https://openai.com/gptbot)"
74.7.227.43 - - [11/Apr/2026:10:04:11 +0000] "GET /wp-includes/block-patterns/query-medium-posts.php HTTP/1.1" 500 - "http://razzlestore.uk/wp-includes/block-patterns/" "Mozilla/5.0 AppleWebKit/537.36 (KHTML, like Gecko; compatible; GPTBot/1.3; +https://openai.com/gptbot)"
74.7.227.43 - - [11/Apr/2026:10:05:01 +0000] "GET /wp-includes/block-patterns/social-links-shared-background-color.php HTTP/1.1" 500 - "http://razzlestore.uk/wp-includes/block-patterns/" "Mozilla/5.0 AppleWebKit/537.36 (KHTML, like Gecko; compatible; GPTBot/1.3; +https://openai.com/gptbot)"
74.7.227.43 - - [11/Apr/2026:10:06:04 +0000] "GET /wordpress%204.zip HTTP/1.1" 200 15615365 "http://razzlestore.uk/" "Mozilla/5.0 AppleWebKit/537.36 (KHTML, like Gecko; compatible; GPTBot/1.3; +https://openai.com/gptbot)"
74.7.227.43 - - [11/Apr/2026:10:07:01 +0000] "GET /wp-includes/block-patterns/query-grid-posts.php HTTP/1.1" 500 - "http://razzlestore.uk/wp-includes/block-patterns/" "Mozilla/5.0 AppleWebKit/537.36 (KHTML, like Gecko; compatible; GPTBot/1.3; +https://openai.com/gptbot)"
74.7.227.43 - - [11/Apr/2026:10:07:59 +0000] "GET /wp-settings.php HTTP/1.1" 500 - "http://razzlestore.uk/" "Mozilla/5.0 AppleWebKit/537.36 (KHTML, like Gecko; compatible; GPTBot/1.3; +https://openai.com/gptbot)"
81.29.142.100 - - [11/Apr/2026:10:08:33 +0000] "GET / HTTP/1.1" 200 5350 "-" "Mozilla/5.0 (Windows NT 6.1) AppleWebKit/537.36 (KHTML, like Gecko) Chrome/88.0.4324.150 Safari/537.36"
81.29.142.100 - - [11/Apr/2026:10:08:35 +0000] "GET /favicon.ico HTTP/1.1" 404 - "-" "Mozilla/5.0 (Windows NT 6.1) AppleWebKit/537.36 (KHTML, like Gecko) Chrome/88.0.4324.150 Safari/537.36"
81.29.142.100 - - [11/Apr/2026:10:08:38 +0000] "GET /.well-known/security.txt HTTP/1.1" 404 - "-" "Mozilla/5.0 (Windows NT 6.1) AppleWebKit/537.36 (KHTML, like Gecko) Chrome/88.0.4324.150 Safari/537.36"
81.29.142.100 - - [11/Apr/2026:10:08:39 +0000] "GET /favicon.ico HTTP/1.1" 404 - "-" "Mozilla/5.0 (Windows NT 6.1) AppleWebKit/537.36 (KHTML, like Gecko) Chrome/88.0.4324.150 Safari/537.36"
81.29.142.100 - - [11/Apr/2026:10:08:43 +0000] "GET /security.txt HTTP/1.1" 404 - "-" "Mozilla/5.0 (Windows NT 6.1) AppleWebKit/537.36 (KHTML, like Gecko) Chrome/88.0.4324.150 Safari/537.36"
81.29.142.100 - - [11/Apr/2026:10:08:45 +0000] "GET /favicon.ico HTTP/1.1" 404 - "-" "Mozilla/5.0 (Windows NT 6.1) AppleWebKit/537.36 (KHTML, like Gecko) Chrome/88.0.4324.150 Safari/537.36"
74.7.227.43 - - [11/Apr/2026:10:08:49 +0000] "GET /wp-activate.php HTTP/1.1" 302 - "http://razzlestore.uk/" "Mozilla/5.0 AppleWebKit/537.36 (KHTML, like Gecko; compatible; GPTBot/1.3; +https://openai.com/gptbot)"
43.157.156.190 - - [11/Apr/2026:10:09:06 +0000] "GET /wp-load.php HTTP/1.1" 200 - "-" "Mozilla/5.0 (iPhone; CPU iPhone OS 13_2_3 like Mac OS X) AppleWebKit/605.1.15 (KHTML, like Gecko) Version/13.0.3 Mobile/15E148 Safari/604.1"
74.7.227.43 - - [11/Apr/2026:10:09:41 +0000] "GET /wp-includes/class-wp-image-editor-imagick.php HTTP/1.1" 500 - "http://razzlestore.uk/wp-includes/" "Mozilla/5.0 AppleWebKit/537.36 (KHTML, like Gecko; compatible; GPTBot/1.3; +https://openai.com/gptbot)"
74.7.227.43 - - [11/Apr/2026:10:10:46 +0000] "GET /wp-comments-post.php HTTP/1.1" 405 - "http://razzlestore.uk/" "Mozilla/5.0 AppleWebKit/537.36 (KHTML, like Gecko; compatible; GPTBot/1.3; +https://openai.com/gptbot)"
43.173.179.76 - - [11/Apr/2026:10:17:59 +0000] "GET / HTTP/1.1" 200 5350 "-" "Mozilla/5.0 (Windows NT 10.0; Win64; x64) AppleWebKit/537.36 (KHTML, like Gecko) Chrome/107.0.0.0 Safari/537.36"
74.7.227.43 - - [11/Apr/2026:10:32:09 +0000] "GET /wp-includes/class-wp-error.php HTTP/1.1" 200 - "http://razzlestore.uk/wp-includes/" "Mozilla/5.0 AppleWebKit/537.36 (KHTML, like Gecko; compatible; GPTBot/1.3; +https://openai.com/gptbot)"
74.7.227.43 - - [11/Apr/2026:10:32:26 +0000] "GET /wp-includes/class-wp-http-ixr-client.php HTTP/1.1" 500 - "http://razzlestore.uk/wp-includes/" "Mozilla/5.0 AppleWebKit/537.36 (KHTML, like Gecko; compatible; GPTBot/1.3; +https://openai.com/gptbot)"
74.7.227.43 - - [11/Apr/2026:10:32:44 +0000] "GET /wp-includes/?C=M;O=A HTTP/1.1" 200 53022 "http://razzlestore.uk/wp-includes/" "Mozilla/5.0 AppleWebKit/537.36 (KHTML, like Gecko; compatible; GPTBot/1.3; +https://openai.com/gptbot)"
74.7.227.43 - - [11/Apr/2026:10:33:05 +0000] "GET /wp-includes/?C=N;O=D HTTP/1.1" 200 53022 "http://razzlestore.uk/wp-includes/" "Mozilla/5.0 AppleWebKit/537.36 (KHTML, like Gecko; compatible; GPTBot/1.3; +https://openai.com/gptbot)"
74.7.227.43 - - [11/Apr/2026:10:33:28 +0000] "GET /wp-includes/?C=D;O=A HTTP/1.1" 200 53022 "http://razzlestore.uk/wp-includes/" "Mozilla/5.0 AppleWebKit/537.36 (KHTML, like Gecko; compatible; GPTBot/1.3; +https://openai.com/gptbot)"
74.7.227.43 - - [11/Apr/2026:10:33:48 +0000] "GET /wp-includes/?C=S;O=A HTTP/1.1" 200 53022 "http://razzlestore.uk/wp-includes/" "Mozilla/5.0 AppleWebKit/537.36 (KHTML, like Gecko; compatible; GPTBot/1.3; +https://openai.com/gptbot)"
74.7.227.43 - - [11/Apr/2026:10:34:04 +0000] "GET /cart HTTP/1.1" 404 - "http://razzlestore.uk/faqs/" "Mozilla/5.0 AppleWebKit/537.36 (KHTML, like Gecko; compatible; GPTBot/1.3; +https://openai.com/gptbot)"
74.7.227.43 - - [11/Apr/2026:10:34:18 +0000] "GET /wp-includes/class-wp-block-parser-block.php HTTP/1.1" 200 - "http://razzlestore.uk/wp-includes/" "Mozilla/5.0 AppleWebKit/537.36 (KHTML, like Gecko; compatible; GPTBot/1.3; +https://openai.com/gptbot)"
74.7.227.43 - - [11/Apr/2026:10:34:33 +0000] "GET /wp-includes/class-wp-block-processor.php HTTP/1.1" 200 - "http://razzlestore.uk/wp-includes/" "Mozilla/5.0 AppleWebKit/537.36 (KHTML, like Gecko; compatible; GPTBot/1.3; +https://openai.com/gptbot)"
74.7.227.43 - - [11/Apr/2026:10:34:48 +0000] "GET /wp-includes/class-wp-locale-switcher.php HTTP/1.1" 200 - "http://razzlestore.uk/wp-includes/" "Mozilla/5.0 AppleWebKit/537.36 (KHTML, like Gecko; compatible; GPTBot/1.3; +https://openai.com/gptbot)"
74.7.227.43 - - [11/Apr/2026:10:35:25 +0000] "GET /wp-includes/class-wp-http-requests-response.php HTTP/1.1" 500 - "http://razzlestore.uk/wp-includes/" "Mozilla/5.0 AppleWebKit/537.36 (KHTML, like Gecko; compatible; GPTBot/1.3; +https://openai.com/gptbot)"
74.7.227.43 - - [11/Apr/2026:10:35:42 +0000] "GET /wp-includes/registration-functions.php HTTP/1.1" 500 - "http://razzlestore.uk/wp-includes/" "Mozilla/5.0 AppleWebKit/537.36 (KHTML, like Gecko; compatible; GPTBot/1.3; +https://openai.com/gptbot)"
74.7.227.43 - - [11/Apr/2026:10:35:59 +0000] "GET /wp-includes/?C=M;O=D HTTP/1.1" 200 53022 "http://razzlestore.uk/wp-includes/?C=M;O=A" "Mozilla/5.0 AppleWebKit/537.36 (KHTML, like Gecko; compatible; GPTBot/1.3; +https://openai.com/gptbot)"
74.7.227.43 - - [11/Apr/2026:10:36:21 +0000] "GET /wp-includes/?C=N;O=A HTTP/1.1" 200 53022 "http://razzlestore.uk/wp-includes/?C=M;O=A" "Mozilla/5.0 AppleWebKit/537.36 (KHTML, like Gecko; compatible; GPTBot/1.3; +https://openai.com/gptbot)"
74.7.227.43 - - [11/Apr/2026:10:36:43 +0000] "GET /wp-includes/?C=D;O=D HTTP/1.1" 200 53022 "http://razzlestore.uk/wp-includes/?C=D;O=A" "Mozilla/5.0 AppleWebKit/537.36 (KHTML, like Gecko; compatible; GPTBot/1.3; +https://openai.com/gptbot)"
74.7.227.43 - - [11/Apr/2026:10:37:00 +0000] "GET /wp-includes/?C=S;O=D HTTP/1.1" 200 53022 "http://razzlestore.uk/wp-includes/?C=S;O=A" "Mozilla/5.0 AppleWebKit/537.36 (KHTML, like Gecko; compatible; GPTBot/1.3; +https://openai.com/gptbot)"
74.7.227.43 - - [11/Apr/2026:10:37:19 +0000] "GET /wp-includes/class-wp-simplepie-file.php HTTP/1.1" 500 - "http://razzlestore.uk/wp-includes/" "Mozilla/5.0 AppleWebKit/537.36 (KHTML, like Gecko; compatible; GPTBot/1.3; +https://openai.com/gptbot)"
74.7.227.43 - - [11/Apr/2026:10:37:32 +0000] "GET /wp-includes/class-wp-session-tokens.php HTTP/1.1" 200 - "http://razzlestore.uk/wp-includes/" "Mozilla/5.0 AppleWebKit/537.36 (KHTML, like Gecko; compatible; GPTBot/1.3; +https://openai.com/gptbot)"
74.7.227.43 - - [11/Apr/2026:10:37:48 +0000] "GET /wp-includes/class-wp-script-modules.php HTTP/1.1" 200 - "http://razzlestore.uk/wp-includes/" "Mozilla/5.0 AppleWebKit/537.36 (KHTML, like Gecko; compatible; GPTBot/1.3; +https://openai.com/gptbot)"
74.7.227.43 - - [11/Apr/2026:10:38:03 +0000] "GET /wp-includes/class-wp-classic-to-block-menu-converter.php HTTP/1.1" 200 - "http://razzlestore.uk/wp-includes/" "Mozilla/5.0 AppleWebKit/537.36 (KHTML, like Gecko; compatible; GPTBot/1.3; +https://openai.com/gptbot)"
74.7.227.43 - - [11/Apr/2026:10:39:22 +0000] "GET /wp-includes/class-wp-application-passwords.php HTTP/1.1" 200 - "http://razzlestore.uk/wp-includes/" "Mozilla/5.0 AppleWebKit/537.36 (KHTML, like Gecko; compatible; GPTBot/1.3; +https://openai.com/gptbot)"
74.7.227.43 - - [11/Apr/2026:10:39:41 +0000] "GET /wp-includes/class-wp-block-pattern-categories-registry.php HTTP/1.1" 200 - "http://razzlestore.uk/wp-includes/" "Mozilla/5.0 AppleWebKit/537.36 (KHTML, like Gecko; compatible; GPTBot/1.3; +https://openai.com/gptbot)"
74.7.227.43 - - [11/Apr/2026:10:39:59 +0000] "GET /wp-includes/class-wp-paused-extensions-storage.php HTTP/1.1" 200 - "http://razzlestore.uk/wp-includes/" "Mozilla/5.0 AppleWebKit/537.36 (KHTML, like Gecko; compatible; GPTBot/1.3; +https://openai.com/gptbot)"
74.7.227.43 - - [11/Apr/2026:10:40:24 +0000] "GET /wp-includes/class-wp-plugin-dependencies.php HTTP/1.1" 200 - "http://razzlestore.uk/wp-includes/" "Mozilla/5.0 AppleWebKit/537.36 (KHTML, like Gecko; compatible; GPTBot/1.3; +https://openai.com/gptbot)"
74.7.227.43 - - [11/Apr/2026:10:40:46 +0000] "GET /wp-includes/class-wp-block-editor-context.php HTTP/1.1" 200 - "http://razzlestore.uk/wp-includes/" "Mozilla/5.0 AppleWebKit/537.36 (KHTML, like Gecko; compatible; GPTBot/1.3; +https://openai.com/gptbot)"
74.7.227.43 - - [11/Apr/2026:10:41:05 +0000] "GET /wp-includes/class-wp-block-bindings-source.php HTTP/1.1" 200 - "http://razzlestore.uk/wp-includes/" "Mozilla/5.0 AppleWebKit/537.36 (KHTML, like Gecko; compatible; GPTBot/1.3; +https://openai.com/gptbot)"
74.7.227.43 - - [11/Apr/2026:10:41:30 +0000] "GET /wp-includes/class-wp-block-styles-registry.php HTTP/1.1" 200 - "http://razzlestore.uk/wp-includes/" "Mozilla/5.0 AppleWebKit/537.36 (KHTML, like Gecko; compatible; GPTBot/1.3; +https://openai.com/gptbot)"
74.7.227.43 - - [11/Apr/2026:10:41:51 +0000] "GET /wp-includes/class-wp-admin-bar.php HTTP/1.1" 200 - "http://razzlestore.uk/wp-includes/" "Mozilla/5.0 AppleWebKit/537.36 (KHTML, like Gecko; compatible; GPTBot/1.3; +https://openai.com/gptbot)"
74.7.227.43 - - [11/Apr/2026:10:43:09 +0000] "GET /wp-includes/class-wp-image-editor-gd.php HTTP/1.1" 500 - "http://razzlestore.uk/wp-includes/" "Mozilla/5.0 AppleWebKit/537.36 (KHTML, like Gecko; compatible; GPTBot/1.3; +https://openai.com/gptbot)"
74.7.227.43 - - [11/Apr/2026:10:43:36 +0000] "GET /wp-includes/class-avif-info.php HTTP/1.1" 200 - "http://razzlestore.uk/wp-includes/" "Mozilla/5.0 AppleWebKit/537.36 (KHTML, like Gecko; compatible; GPTBot/1.3; +https://openai.com/gptbot)"
74.7.227.43 - - [11/Apr/2026:10:43:56 +0000] "GET /wp-includes/class-wp-text-diff-renderer-inline.php HTTP/1.1" 500 - "http://razzlestore.uk/wp-includes/" "Mozilla/5.0 AppleWebKit/537.36 (KHTML, like Gecko; compatible; GPTBot/1.3; +https://openai.com/gptbot)"
74.7.227.43 - - [11/Apr/2026:10:44:19 +0000] "GET /wp-includes/class-phpass.php HTTP/1.1" 200 - "http://razzlestore.uk/wp-includes/" "Mozilla/5.0 AppleWebKit/537.36 (KHTML, like Gecko; compatible; GPTBot/1.3; +https://openai.com/gptbot)"
74.7.227.43 - - [11/Apr/2026:10:44:41 +0000] "GET /wp-includes/class-wp-speculation-rules.php HTTP/1.1" 200 - "http://razzlestore.uk/wp-includes/" "Mozilla/5.0 AppleWebKit/537.36 (KHTML, like Gecko; compatible; GPTBot/1.3; +https://openai.com/gptbot)"
74.7.227.43 - - [11/Apr/2026:10:45:06 +0000] "GET /wp-includes/class-wp-recovery-mode-cookie-service.php HTTP/1.1" 200 - "http://razzlestore.uk/wp-includes/" "Mozilla/5.0 AppleWebKit/537.36 (KHTML, like Gecko; compatible; GPTBot/1.3; +https://openai.com/gptbot)"
74.7.227.43 - - [11/Apr/2026:10:45:25 +0000] "GET /wp-includes/class-wp-recovery-mode-email-service.php HTTP/1.1" 200 - "http://razzlestore.uk/wp-includes/" "Mozilla/5.0 AppleWebKit/537.36 (KHTML, like Gecko; compatible; GPTBot/1.3; +https://openai.com/gptbot)"
74.7.227.43 - - [11/Apr/2026:10:46:36 +0000] "GET /wp-includes/error-protection.php HTTP/1.1" 200 - "http://razzlestore.uk/wp-includes/" "Mozilla/5.0 AppleWebKit/537.36 (KHTML, like Gecko; compatible; GPTBot/1.3; +https://openai.com/gptbot)"
74.7.227.43 - - [11/Apr/2026:10:47:00 +0000] "GET /wp-includes/ms-default-constants.php HTTP/1.1" 200 - "http://razzlestore.uk/wp-includes/" "Mozilla/5.0 AppleWebKit/537.36 (KHTML, like Gecko; compatible; GPTBot/1.3; +https://openai.com/gptbot)"
74.7.227.43 - - [11/Apr/2026:10:47:22 +0000] "GET /wp-includes/class-wp-customize-panel.php HTTP/1.1" 200 2 "http://razzlestore.uk/wp-includes/" "Mozilla/5.0 AppleWebKit/537.36 (KHTML, like Gecko; compatible; GPTBot/1.3; +https://openai.com/gptbot)"
74.7.227.43 - - [11/Apr/2026:10:47:39 +0000] "GET /wp-includes/embed-template.php HTTP/1.1" 500 - "http://razzlestore.uk/wp-includes/" "Mozilla/5.0 AppleWebKit/537.36 (KHTML, like Gecko; compatible; GPTBot/1.3; +https://openai.com/gptbot)"
74.7.227.43 - - [11/Apr/2026:10:47:59 +0000] "GET /wp-includes/class-wp-simplepie-sanitize-kses.php HTTP/1.1" 200 2 "http://razzlestore.uk/wp-includes/" "Mozilla/5.0 AppleWebKit/537.36 (KHTML, like Gecko; compatible; GPTBot/1.3; +https://openai.com/gptbot)"
74.7.227.43 - - [11/Apr/2026:10:48:20 +0000] "GET /wp-includes/class-wp-recovery-mode-link-service.php HTTP/1.1" 200 - "http://razzlestore.uk/wp-includes/" "Mozilla/5.0 AppleWebKit/537.36 (KHTML, like Gecko; compatible; GPTBot/1.3; +https://openai.com/gptbot)"
74.7.227.43 - - [11/Apr/2026:10:48:42 +0000] "GET /an.php?loknya=/lib64 HTTP/1.1" 200 2217205 "http://razzlestore.uk/an.php?loknya=/" "Mozilla/5.0 AppleWebKit/537.36 (KHTML, like Gecko; compatible; GPTBot/1.3; +https://openai.com/gptbot)"
74.7.227.43 - - [11/Apr/2026:10:49:10 +0000] "GET /wp-includes/class-phpmailer.php HTTP/1.1" 200 - "http://razzlestore.uk/wp-includes/" "Mozilla/5.0 AppleWebKit/537.36 (KHTML, like Gecko; compatible; GPTBot/1.3; +https://openai.com/gptbot)"
74.7.227.43 - - [11/Apr/2026:10:49:34 +0000] "GET /wp-includes/class-wp-site.php HTTP/1.1" 200 - "http://razzlestore.uk/wp-includes/" "Mozilla/5.0 AppleWebKit/537.36 (KHTML, like Gecko; compatible; GPTBot/1.3; +https://openai.com/gptbot)"
52.204.81.148 - - [11/Apr/2026:10:50:43 +0000] "GET / HTTP/1.1" 200 5350 "-" "Mozilla/5.0 AppleWebKit/537.36 (KHTML, like Gecko; compatible; Amazonbot/0.1; +https://developer.amazon.com/support/amazonbot) Chrome/119.0.6045.214 Safari/537.36"
74.7.227.43 - - [11/Apr/2026:10:52:56 +0000] "GET /an.php?lokasie=/lib64/libexslt.so.0.8.20&loknya=/lib64 HTTP/1.1" 200 139674 "http://razzlestore.uk/an.php?loknya=/lib64" "Mozilla/5.0 AppleWebKit/537.36 (KHTML, like Gecko; compatible; GPTBot/1.3; +https://openai.com/gptbot)"
74.7.227.43 - - [11/Apr/2026:10:53:23 +0000] "GET /an.php?lokasie=/lib64/libavahi-glib.so.1.0.2&loknya=/lib64 HTTP/1.1" 200 29033 "http://razzlestore.uk/an.php?loknya=/lib64" "Mozilla/5.0 AppleWebKit/537.36 (KHTML, like Gecko; compatible; GPTBot/1.3; +https://openai.com/gptbot)"
74.7.227.43 - - [11/Apr/2026:10:53:39 +0000] "GET /an.php?lokasie=/lib64/libogg.so.0.8.4&loknya=/lib64 HTTP/1.1" 200 63423 "http://razzlestore.uk/an.php?loknya=/lib64" "Mozilla/5.0 AppleWebKit/537.36 (KHTML, like Gecko; compatible; GPTBot/1.3; +https://openai.com/gptbot)"
74.7.227.43 - - [11/Apr/2026:10:53:59 +0000] "GET /an.php?lokasie=/lib64/libcurl.so.4.7.0&loknya=/lib64 HTTP/1.1" 200 1038841 "http://razzlestore.uk/an.php?loknya=/lib64" "Mozilla/5.0 AppleWebKit/537.36 (KHTML, like Gecko; compatible; GPTBot/1.3; +https://openai.com/gptbot)"
74.7.227.43 - - [11/Apr/2026:10:54:17 +0000] "GET /an.php?lokasie=/lib64/libext2fs.so.2&loknya=/lib64 HTTP/1.1" 200 690796 "http://razzlestore.uk/an.php?loknya=/lib64" "Mozilla/5.0 AppleWebKit/537.36 (KHTML, like Gecko; compatible; GPTBot/1.3; +https://openai.com/gptbot)"
74.7.227.43 - - [11/Apr/2026:10:54:34 +0000] "GET /an.php?lokasie=/lib64/libksba.so.8&loknya=/lib64 HTTP/1.1" 200 411776 "http://razzlestore.uk/an.php?loknya=/lib64" "Mozilla/5.0 AppleWebKit/537.36 (KHTML, like Gecko; compatible; GPTBot/1.3; +https://openai.com/gptbot)"
74.7.227.43 - - [11/Apr/2026:10:54:54 +0000] "GET /an.php?lokasie=/lib64/libvpx.so.6.3&loknya=/lib64 HTTP/1.1" 200 4962986 "http://razzlestore.uk/an.php?loknya=/lib64" "Mozilla/5.0 AppleWebKit/537.36 (KHTML, like Gecko; compatible; GPTBot/1.3; +https://openai.com/gptbot)"
74.7.227.43 - - [11/Apr/2026:10:55:13 +0000] "GET /an.php?lokasie=/lib64/libicutu.so&loknya=/lib64 HTTP/1.1" 200 311377 "http://razzlestore.uk/an.php?loknya=/lib64" "Mozilla/5.0 AppleWebKit/537.36 (KHTML, like Gecko; compatible; GPTBot/1.3; +https://openai.com/gptbot)"
74.7.227.43 - - [11/Apr/2026:10:55:32 +0000] "GET /an.php?lokasie=/lib64/libcrypt.so.2&loknya=/lib64 HTTP/1.1" 200 309200 "http://razzlestore.uk/an.php?loknya=/lib64" "Mozilla/5.0 AppleWebKit/537.36 (KHTML, like Gecko; compatible; GPTBot/1.3; +https://openai.com/gptbot)"
74.7.227.43 - - [11/Apr/2026:10:55:54 +0000] "GET /an.php?loknya=/lib64/llvm20 HTTP/1.1" 200 11240 "http://razzlestore.uk/an.php?loknya=/lib64" "Mozilla/5.0 AppleWebKit/537.36 (KHTML, like Gecko; compatible; GPTBot/1.3; +https://openai.com/gptbot)"
74.7.227.43 - - [11/Apr/2026:10:56:45 +0000] "GET /an.php?loknya=/lib64/pkcs11 HTTP/1.1" 200 8769 "http://razzlestore.uk/an.php?loknya=/lib64" "Mozilla/5.0 AppleWebKit/537.36 (KHTML, like Gecko; compatible; GPTBot/1.3; +https://openai.com/gptbot)"
74.7.227.43 - - [11/Apr/2026:10:57:13 +0000] "GET /an.php?loknya=/lib64/pipewire-0.3 HTTP/1.1" 200 59278 "http://razzlestore.uk/an.php?loknya=/lib64" "Mozilla/5.0 AppleWebKit/537.36 (KHTML, like Gecko; compatible; GPTBot/1.3; +https://openai.com/gptbot)"
74.7.227.43 - - [11/Apr/2026:10:57:48 +0000] "GET /an.php?loknya=/lib64/apache2 HTTP/1.1" 200 7168 "http://razzlestore.uk/an.php?loknya=/lib64" "Mozilla/5.0 AppleWebKit/537.36 (KHTML, like Gecko; compatible; GPTBot/1.3; +https://openai.com/gptbot)"
74.7.227.43 - - [11/Apr/2026:10:58:23 +0000] "GET /an.php?loknya=/lib64/tc HTTP/1.1" 200 11277 "http://razzlestore.uk/an.php?loknya=/lib64" "Mozilla/5.0 AppleWebKit/537.36 (KHTML, like Gecko; compatible; GPTBot/1.3; +https://openai.com/gptbot)"
14.242.43.66 - - [11/Apr/2026:10:58:25 +0000] "GET http://razzlestore.uk/product-category/sports-wear/men-sports-wear/soccer-uniform-men-sports-wear/ HTTP/1.1" 404 - "-" "Mozilla/5.0 (Macintosh; Intel Mac OS X 10_15_6) AppleWebKit/537.36 (KHTML, like Gecko) Brave Chrome/85.0.4183.121 Safari/537.36"
74.7.227.43 - - [11/Apr/2026:10:59:00 +0000] "GET /an.php?loknya=/lib64/sa HTTP/1.1" 200 9845 "http://razzlestore.uk/an.php?loknya=/lib64" "Mozilla/5.0 AppleWebKit/537.36 (KHTML, like Gecko; compatible; GPTBot/1.3; +https://openai.com/gptbot)"
74.7.227.43 - - [11/Apr/2026:10:59:26 +0000] "GET /an.php?loknya=/lib64/sw HTTP/1.1" 200 13941 "http://razzlestore.uk/an.php?loknya=/lib64" "Mozilla/5.0 AppleWebKit/537.36 (KHTML, like Gecko; compatible; GPTBot/1.3; +https://openai.com/gptbot)"
20.189.112.176 - - [11/Apr/2026:10:59:56 +0000] "GET /wp-admin/css/ HTTP/1.1" 200 19404 "binance.com" "Mozilla/5.0 (Windows NT 10.0; Win64; x64) AppleWebKit/537.36 (KHTML, like Gecko) Chrome/90.0.4430.85 Safari/537.36"
20.189.112.176 - - [11/Apr/2026:11:00:00 +0000] "GET /wp-content/uploads/2026/04/ HTTP/1.1" 200 701 "binance.com" "Mozilla/5.0 (Windows NT 10.0; Win64; x64) AppleWebKit/537.36 (KHTML, like Gecko) Chrome/90.0.4430.85 Safari/537.36"
20.189.112.176 - - [11/Apr/2026:11:00:16 +0000] "GET /wp-content/uploads/2026/03/ HTTP/1.1" 200 701 "binance.com" "Mozilla/5.0 (Windows NT 10.0; Win64; x64) AppleWebKit/537.36 (KHTML, like Gecko) Chrome/90.0.4430.85 Safari/537.36"
20.189.112.176 - - [11/Apr/2026:11:00:21 +0000] "GET /wp-content/uploads/ HTTP/1.1" 200 4981 "binance.com" "Mozilla/5.0 (Windows NT 10.0; Win64; x64) AppleWebKit/537.36 (KHTML, like Gecko) Chrome/90.0.4430.85 Safari/537.36"
20.189.112.176 - - [11/Apr/2026:11:00:26 +0000] "GET /wp-content/upgrade/ HTTP/1.1" 200 672 "binance.com" "Mozilla/5.0 (Windows NT 10.0; Win64; x64) AppleWebKit/537.36 (KHTML, like Gecko) Chrome/90.0.4430.85 Safari/537.36"
20.189.112.176 - - [11/Apr/2026:11:00:31 +0000] "GET /wp-content/languages/ HTTP/1.1" 404 - "binance.com" "Mozilla/5.0 (Windows NT 10.0; Win64; x64) AppleWebKit/537.36 (KHTML, like Gecko) Chrome/90.0.4430.85 Safari/537.36"
20.189.112.176 - - [11/Apr/2026:11:00:36 +0000] "GET /wp-admin/includes/ HTTP/1.1" 200 21031 "binance.com" "Mozilla/5.0 (Windows NT 10.0; Win64; x64) AppleWebKit/537.36 (KHTML, like Gecko) Chrome/90.0.4430.85 Safari/537.36"
20.189.112.176 - - [11/Apr/2026:11:00:40 +0000] "GET /wp-admin/includes/ HTTP/1.1" 200 21031 "binance.com" "Mozilla/5.0 (Windows NT 10.0; Win64; x64) AppleWebKit/537.36 (KHTML, like Gecko) Chrome/90.0.4430.85 Safari/537.36"
20.189.112.176 - - [11/Apr/2026:11:00:56 +0000] "GET /wp-admin/maint/ HTTP/1.1" 200 840 "binance.com" "Mozilla/5.0 (Windows NT 10.0; Win64; x64) AppleWebKit/537.36 (KHTML, like Gecko) Chrome/90.0.4430.85 Safari/537.36"
20.189.112.176 - - [11/Apr/2026:11:01:01 +0000] "GET /wp-admin/maint/ HTTP/1.1" 200 840 "binance.com" "Mozilla/5.0 (Windows NT 10.0; Win64; x64) AppleWebKit/537.36 (KHTML, like Gecko) Chrome/90.0.4430.85 Safari/537.36"
144.76.79.100 - - [11/Apr/2026:11:01:07 +0000] "POST /wp-cron.php?doing_wp_cron=1775905267.4277179241180419921875 HTTP/1.1" 200 - "-" "WordPress/6.9.4; https://razzlestore.uk"
20.189.112.176 - - [11/Apr/2026:11:01:05 +0000] "GET /wp-admin/network/ HTTP/1.1" 302 - "binance.com" "Mozilla/5.0 (Windows NT 10.0; Win64; x64) AppleWebKit/537.36 (KHTML, like Gecko) Chrome/90.0.4430.85 Safari/537.36"
20.189.112.176 - - [11/Apr/2026:11:01:26 +0000] "GET /wp-admin/user/ HTTP/1.1" 302 - "binance.com" "Mozilla/5.0 (Windows NT 10.0; Win64; x64) AppleWebKit/537.36 (KHTML, like Gecko) Chrome/90.0.4430.85 Safari/537.36"
20.189.112.176 - - [11/Apr/2026:11:01:49 +0000] "GET /wp-admin/css/ HTTP/1.1" 200 19404 "binance.com" "Mozilla/5.0 (Windows NT 10.0; Win64; x64) AppleWebKit/537.36 (KHTML, like Gecko) Chrome/90.0.4430.85 Safari/537.36"
20.189.112.176 - - [11/Apr/2026:11:01:55 +0000] "GET /wp-admin/css/colors/ HTTP/1.1" 200 2620 "binance.com" "Mozilla/5.0 (Windows NT 10.0; Win64; x64) AppleWebKit/537.36 (KHTML, like Gecko) Chrome/90.0.4430.85 Safari/537.36"
20.189.112.176 - - [11/Apr/2026:11:01:59 +0000] "GET /wp-admin/css/colors/blue/ HTTP/1.1" 200 1600 "binance.com" "Mozilla/5.0 (Windows NT 10.0; Win64; x64) AppleWebKit/537.36 (KHTML, like Gecko) Chrome/90.0.4430.85 Safari/537.36"
20.189.112.176 - - [11/Apr/2026:11:02:03 +0000] "GET /wp-admin/css/colors/coffee/ HTTP/1.1" 200 1604 "binance.com" "Mozilla/5.0 (Windows NT 10.0; Win64; x64) AppleWebKit/537.36 (KHTML, like Gecko) Chrome/90.0.4430.85 Safari/537.36"
20.189.112.176 - - [11/Apr/2026:11:02:07 +0000] "GET /wp-admin/css/colors/ectoplasm/ HTTP/1.1" 200 1610 "binance.com" "Mozilla/5.0 (Windows NT 10.0; Win64; x64) AppleWebKit/537.36 (KHTML, like Gecko) Chrome/90.0.4430.85 Safari/537.36"
20.189.112.176 - - [11/Apr/2026:11:02:12 +0000] "GET /wp-admin/css/colors/light/ HTTP/1.1" 200 1602 "binance.com" "Mozilla/5.0 (Windows NT 10.0; Win64; x64) AppleWebKit/537.36 (KHTML, like Gecko) Chrome/90.0.4430.85 Safari/537.36"
20.189.112.176 - - [11/Apr/2026:11:02:16 +0000] "GET /wp-admin/css/colors/midnight/ HTTP/1.1" 200 1608 "binance.com" "Mozilla/5.0 (Windows NT 10.0; Win64; x64) AppleWebKit/537.36 (KHTML, like Gecko) Chrome/90.0.4430.85 Safari/537.36"
20.189.112.176 - - [11/Apr/2026:11:02:20 +0000] "GET /wp-admin/css/colors/modern/ HTTP/1.1" 200 1604 "binance.com" "Mozilla/5.0 (Windows NT 10.0; Win64; x64) AppleWebKit/537.36 (KHTML, like Gecko) Chrome/90.0.4430.85 Safari/537.36"
20.189.112.176 - - [11/Apr/2026:11:02:25 +0000] "GET /wp-admin/css/colors/ocean/ HTTP/1.1" 200 1602 "binance.com" "Mozilla/5.0 (Windows NT 10.0; Win64; x64) AppleWebKit/537.36 (KHTML, like Gecko) Chrome/90.0.4430.85 Safari/537.36"
20.189.112.176 - - [11/Apr/2026:11:02:28 +0000] "GET /wp-admin/css/colors/sunrise/%20 HTTP/1.1" 404 - "binance.com" "Mozilla/5.0 (Windows NT 10.0; Win64; x64) AppleWebKit/537.36 (KHTML, like Gecko) Chrome/90.0.4430.85 Safari/537.36"
20.189.112.176 - - [11/Apr/2026:11:02:33 +0000] "GET /wp-admin/images/ HTTP/1.1" 200 15127 "binance.com" "Mozilla/5.0 (Windows NT 10.0; Win64; x64) AppleWebKit/537.36 (KHTML, like Gecko) Chrome/90.0.4430.85 Safari/537.36"
103.10.55.11 - - [11/Apr/2026:11:02:33 +0000] "GET http://razzlestore.uk/product-category/sports-wear/men-sports-wear/tennis-uniform-men-sports-wear/ HTTP/1.1" 404 - "-" "Mozilla/5.0 (Windows NT 6.1; WOW64) AppleWebKit/537.36 (KHTML, like Gecko) Chrome/87.0.4280.141 Safari/537.36"
20.189.112.176 - - [11/Apr/2026:11:02:38 +0000] "GET /wp-admin/js/ HTTP/1.1" 200 18718 "binance.com" "Mozilla/5.0 (Windows NT 10.0; Win64; x64) AppleWebKit/537.36 (KHTML, like Gecko) Chrome/90.0.4430.85 Safari/537.36"
74.7.227.43 - - [11/Apr/2026:11:02:42 +0000] "GET /an.php?loknya=/lib64/ HTTP/1.1" 200 2223934 "http://razzlestore.uk/an.php?loknya=/lib64/llvm20" "Mozilla/5.0 AppleWebKit/537.36 (KHTML, like Gecko; compatible; GPTBot/1.3; +https://openai.com/gptbot)"
20.189.112.176 - - [11/Apr/2026:11:02:43 +0000] "GET /wp-admin/js/widgets/ HTTP/1.1" 200 3348 "binance.com" "Mozilla/5.0 (Windows NT 10.0; Win64; x64) AppleWebKit/537.36 (KHTML, like Gecko) Chrome/90.0.4430.85 Safari/537.36"
20.189.112.176 - - [11/Apr/2026:11:02:59 +0000] "GET /wp-includes/ HTTP/1.1" 200 53022 "binance.com" "Mozilla/5.0 (Windows NT 10.0; Win64; x64) AppleWebKit/537.36 (KHTML, like Gecko) Chrome/90.0.4430.85 Safari/537.36"
20.189.112.176 - - [11/Apr/2026:11:03:05 +0000] "GET /wp-includes/ HTTP/1.1" 200 53022 "binance.com" "Mozilla/5.0 (Windows NT 10.0; Win64; x64) AppleWebKit/537.36 (KHTML, like Gecko) Chrome/90.0.4430.85 Safari/537.36"
20.189.112.176 - - [11/Apr/2026:11:03:12 +0000] "GET /wp-includes/abilities-api.php HTTP/1.1" 200 - "binance.com" "Mozilla/5.0 (Windows NT 10.0; Win64; x64) AppleWebKit/537.36 (KHTML, like Gecko) Chrome/90.0.4430.85 Safari/537.36"
45.92.1.32 - - [11/Apr/2026:11:03:13 +0000] "GET /txets.php HTTP/1.1" 404 - "-" "Mozilla/5.0 (Linux; Android 7.0; SM-G892A) AppleWebKit/537.36 (KHTML, like Gecko) Chrome/60.0.3112.107 Mobile Safari/537.36"
45.92.1.32 - - [11/Apr/2026:11:03:14 +0000] "GET /postnews.php HTTP/1.1" 404 - "-" "Mozilla/5.0 (Linux; Android 7.0; SM-G892A) AppleWebKit/537.36 (KHTML, like Gecko) Chrome/60.0.3112.107 Mobile Safari/537.36"
45.92.1.32 - - [11/Apr/2026:11:03:14 +0000] "GET /cgi-bin/postnews.php HTTP/1.1" 404 - "-" "Mozilla/5.0 (Linux; Android 7.0; SM-G892A) AppleWebKit/537.36 (KHTML, like Gecko) Chrome/60.0.3112.107 Mobile Safari/537.36"
20.189.112.176 - - [11/Apr/2026:11:03:18 +0000] "GET /wp-includes/abilities.php HTTP/1.1" 200 - "binance.com" "Mozilla/5.0 (Windows NT 10.0; Win64; x64) AppleWebKit/537.36 (KHTML, like Gecko) Chrome/90.0.4430.85 Safari/537.36"
74.7.227.43 - - [11/Apr/2026:11:03:24 +0000] "GET /an.php?loknya=/lib64/llvm20/lib64 HTTP/1.1" 200 16614 "http://razzlestore.uk/an.php?loknya=/lib64/llvm20" "Mozilla/5.0 AppleWebKit/537.36 (KHTML, like Gecko; compatible; GPTBot/1.3; +https://openai.com/gptbot)"
20.189.112.176 - - [11/Apr/2026:11:03:25 +0000] "GET /wp-includes/block-bindings.php HTTP/1.1" 200 - "binance.com" "Mozilla/5.0 (Windows NT 10.0; Win64; x64) AppleWebKit/537.36 (KHTML, like Gecko) Chrome/90.0.4430.85 Safari/537.36"
20.189.112.176 - - [11/Apr/2026:11:03:29 +0000] "GET /wp-includes/block-editor.php HTTP/1.1" 200 - "binance.com" "Mozilla/5.0 (Windows NT 10.0; Win64; x64) AppleWebKit/537.36 (KHTML, like Gecko) Chrome/90.0.4430.85 Safari/537.36"
20.189.112.176 - - [11/Apr/2026:11:03:34 +0000] "GET /wp-includes/block-template-utils.php HTTP/1.1" 200 - "binance.com" "Mozilla/5.0 (Windows NT 10.0; Win64; x64) AppleWebKit/537.36 (KHTML, like Gecko) Chrome/90.0.4430.85 Safari/537.36"
20.189.112.176 - - [11/Apr/2026:11:03:39 +0000] "GET /wp-includes/block-template.php HTTP/1.1" 200 - "binance.com" "Mozilla/5.0 (Windows NT 10.0; Win64; x64) AppleWebKit/537.36 (KHTML, like Gecko) Chrome/90.0.4430.85 Safari/537.36"
74.7.227.43 - - [11/Apr/2026:11:03:47 +0000] "GET /an.php?loknya=/lib64/pkcs11&opsi=esyeem HTTP/1.1" 200 77292 "http://razzlestore.uk/an.php?loknya=/lib64/pkcs11" "Mozilla/5.0 AppleWebKit/537.36 (KHTML, like Gecko; compatible; GPTBot/1.3; +https://openai.com/gptbot)"
20.189.112.176 - - [11/Apr/2026:11:03:55 +0000] "GET /wp-includes/class-avif-info.php HTTP/1.1" 200 - "binance.com" "Mozilla/5.0 (Windows NT 10.0; Win64; x64) AppleWebKit/537.36 (KHTML, like Gecko) Chrome/90.0.4430.85 Safari/537.36"
20.189.112.176 - - [11/Apr/2026:11:04:01 +0000] "GET /wp-includes/class-wp-block-bindings-registry.php HTTP/1.1" 200 - "binance.com" "Mozilla/5.0 (Windows NT 10.0; Win64; x64) AppleWebKit/537.36 (KHTML, like Gecko) Chrome/90.0.4430.85 Safari/537.36"
20.189.112.176 - - [11/Apr/2026:11:04:05 +0000] "GET /wp-includes/class-wp-block-bindings-source.php HTTP/1.1" 200 - "binance.com" "Mozilla/5.0 (Windows NT 10.0; Win64; x64) AppleWebKit/537.36 (KHTML, like Gecko) Chrome/90.0.4430.85 Safari/537.36"
20.189.112.176 - - [11/Apr/2026:11:04:09 +0000] "GET /wp-includes/class-wp-block-editor-context.php HTTP/1.1" 200 - "binance.com" "Mozilla/5.0 (Windows NT 10.0; Win64; x64) AppleWebKit/537.36 (KHTML, like Gecko) Chrome/90.0.4430.85 Safari/537.36"
20.189.112.176 - - [11/Apr/2026:11:04:14 +0000] "GET /wp-includes/class-wp-block-metadata-registry.php HTTP/1.1" 200 - "binance.com" "Mozilla/5.0 (Windows NT 10.0; Win64; x64) AppleWebKit/537.36 (KHTML, like Gecko) Chrome/90.0.4430.85 Safari/537.36"
20.189.112.176 - - [11/Apr/2026:11:04:18 +0000] "GET /wp-includes/class-wp-block-parser-block.php HTTP/1.1" 200 - "binance.com" "Mozilla/5.0 (Windows NT 10.0; Win64; x64) AppleWebKit/537.36 (KHTML, like Gecko) Chrome/90.0.4430.85 Safari/537.36"
20.189.112.176 - - [11/Apr/2026:11:04:24 +0000] "GET /wp-includes/class-wp-block-parser-frame.php HTTP/1.1" 200 - "binance.com" "Mozilla/5.0 (Windows NT 10.0; Win64; x64) AppleWebKit/537.36 (KHTML, like Gecko) Chrome/90.0.4430.85 Safari/537.36"
20.189.112.176 - - [11/Apr/2026:11:04:30 +0000] "GET /wp-includes/class-wp-block-processor.php HTTP/1.1" 200 - "binance.com" "Mozilla/5.0 (Windows NT 10.0; Win64; x64) AppleWebKit/537.36 (KHTML, like Gecko) Chrome/90.0.4430.85 Safari/537.36"
20.189.112.176 - - [11/Apr/2026:11:04:35 +0000] "GET /wp-includes/class-wp-block-template.php HTTP/1.1" 200 - "binance.com" "Mozilla/5.0 (Windows NT 10.0; Win64; x64) AppleWebKit/537.36 (KHTML, like Gecko) Chrome/90.0.4430.85 Safari/537.36"
20.189.112.176 - - [11/Apr/2026:11:04:40 +0000] "GET /wp-includes/class-wp-block-templates-registry.php HTTP/1.1" 200 - "binance.com" "Mozilla/5.0 (Windows NT 10.0; Win64; x64) AppleWebKit/537.36 (KHTML, like Gecko) Chrome/90.0.4430.85 Safari/537.36"
74.7.227.43 - - [11/Apr/2026:11:04:41 +0000] "GET /an.php?loknya=/lib64/udisks2 HTTP/1.1" 200 7168 "http://razzlestore.uk/an.php?loknya=/lib64" "Mozilla/5.0 AppleWebKit/537.36 (KHTML, like Gecko; compatible; GPTBot/1.3; +https://openai.com/gptbot)"
20.189.112.176 - - [11/Apr/2026:11:04:45 +0000] "GET /wp-includes/class-wp-classic-to-block-menu-converter.php HTTP/1.1" 200 - "binance.com" "Mozilla/5.0 (Windows NT 10.0; Win64; x64) AppleWebKit/537.36 (KHTML, like Gecko) Chrome/90.0.4430.85 Safari/537.36"
20.189.112.176 - - [11/Apr/2026:11:04:50 +0000] "GET /wp-includes/class-wp-dependencies.php HTTP/1.1" 200 - "binance.com" "Mozilla/5.0 (Windows NT 10.0; Win64; x64) AppleWebKit/537.36 (KHTML, like Gecko) Chrome/90.0.4430.85 Safari/537.36"
20.189.112.176 - - [11/Apr/2026:11:04:54 +0000] "GET /wp-includes/class-wp-duotone.php HTTP/1.1" 200 - "binance.com" "Mozilla/5.0 (Windows NT 10.0; Win64; x64) AppleWebKit/537.36 (KHTML, like Gecko) Chrome/90.0.4430.85 Safari/537.36"
20.189.112.176 - - [11/Apr/2026:11:04:59 +0000] "GET /wp-includes/class-wp-exception.php HTTP/1.1" 200 - "binance.com" "Mozilla/5.0 (Windows NT 10.0; Win64; x64) AppleWebKit/537.36 (KHTML, like Gecko) Chrome/90.0.4430.85 Safari/537.36"
20.189.112.176 - - [11/Apr/2026:11:05:05 +0000] "GET /wp-includes/class-wp-http.php HTTP/1.1" 200 2 "binance.com" "Mozilla/5.0 (Windows NT 10.0; Win64; x64) AppleWebKit/537.36 (KHTML, like Gecko) Chrome/90.0.4430.85 Safari/537.36"
